CRAN Package Check Results for Package gridtext

Last updated on 2024-03-04 09:48:17 CET.

Flavor Version Tinstall Tcheck Ttotal Status Flags
r-devel-linux-x86_64-debian-clang 0.1.5 50.67 43.44 94.11 NOTE
r-devel-linux-x86_64-debian-gcc 0.1.5 38.94 33.18 72.12 NOTE
r-devel-linux-x86_64-fedora-clang 0.1.5 123.62 NOTE
r-devel-linux-x86_64-fedora-gcc 0.1.5 126.01 NOTE
r-devel-windows-x86_64 0.1.5 37.00 75.00 112.00 NOTE
r-patched-linux-x86_64 0.1.5 43.37 42.24 85.61 NOTE
r-release-linux-x86_64 0.1.5 43.49 41.63 85.12 NOTE
r-release-macos-arm64 0.1.5 36.00 NOTE
r-release-macos-x86_64 0.1.5 57.00 NOTE
r-release-windows-x86_64 0.1.5 49.00 84.00 133.00 NOTE
r-oldrel-macos-arm64 0.1.5 37.00 OK
r-oldrel-windows-x86_64 0.1.5 45.00 83.00 128.00 OK

Check Details

Version: 0.1.5
Check: C++ specification
Result: NOTE Specified C++11: please drop specification unless essential Flavors: r-devel-linux-x86_64-debian-clang, r-devel-linux-x86_64-debian-gcc, r-devel-linux-x86_64-fedora-clang, r-devel-linux-x86_64-fedora-gcc, r-devel-windows-x86_64, r-patched-linux-x86_64, r-release-linux-x86_64, r-release-macos-arm64, r-release-macos-x86_64, r-release-windows-x86_64