CRAN Package Check Results for Package gripp

Last updated on 2024-07-22 18:52:23 CEST.

Flavor Version Tinstall Tcheck Ttotal Status Flags
r-devel-linux-x86_64-debian-clang 0.2.20 4.10 39.63 43.73 NOTE
r-devel-linux-x86_64-debian-gcc 0.2.20 2.40 29.86 32.26 NOTE
r-devel-linux-x86_64-fedora-clang 0.2.20 55.72 NOTE
r-devel-linux-x86_64-fedora-gcc 0.2.20 62.10 NOTE
r-devel-windows-x86_64 0.2.20 6.00 51.00 57.00 NOTE
r-patched-linux-x86_64 0.2.20 3.95 37.42 41.37 NOTE
r-release-linux-x86_64 0.2.20 3.50 36.21 39.71 NOTE
r-release-macos-arm64 0.2.20 26.00 NOTE
r-release-macos-x86_64 0.2.20 40.00 NOTE
r-release-windows-x86_64 0.2.20 4.00 52.00 56.00 NOTE
r-oldrel-macos-arm64 0.2.20 26.00 NOTE
r-oldrel-macos-x86_64 0.2.20 39.00 NOTE
r-oldrel-windows-x86_64 0.2.20 6.00 54.00 60.00 NOTE

Check Details

Version: 0.2.20
Check: LazyData
Result: NOTE 'LazyData' is specified without a 'data' directory Flavors: r-devel-linux-x86_64-debian-clang, r-devel-linux-x86_64-debian-gcc, r-devel-linux-x86_64-fedora-clang, r-devel-linux-x86_64-fedora-gcc, r-devel-windows-x86_64, r-patched-linux-x86_64, r-release-linux-x86_64, r-release-macos-arm64, r-release-macos-x86_64, r-release-windows-x86_64, r-oldrel-macos-arm64, r-oldrel-macos-x86_64, r-oldrel-windows-x86_64

Version: 0.2.20
Check: dependencies in R code
Result: NOTE Namespace in Imports field not imported from: ‘usethis’ All declared Imports should be used. Flavors: r-devel-linux-x86_64-fedora-clang, r-devel-linux-x86_64-fedora-gcc