CRAN Package Check Results for Package gripp

Last updated on 2022-10-05 23:55:01 CEST.

Flavor Version Tinstall Tcheck Ttotal Status Flags
r-devel-linux-x86_64-debian-clang 0.2.20 3.10 38.12 41.22 NOTE
r-devel-linux-x86_64-debian-gcc 0.2.20 2.39 29.59 31.98 NOTE
r-devel-linux-x86_64-fedora-clang 0.2.20 63.41 NOTE
r-devel-linux-x86_64-fedora-gcc 0.2.20 69.23 NOTE
r-devel-windows-x86_64 0.2.20 9.00 67.00 76.00 NOTE
r-patched-linux-x86_64 0.2.20 3.72 36.89 40.61 NOTE
r-release-linux-x86_64 0.2.20 3.60 36.61 40.21 NOTE
r-release-macos-arm64 0.2.20 23.00 NOTE
r-release-macos-x86_64 0.2.20 42.00 NOTE
r-release-windows-x86_64 0.2.20 15.00 67.00 82.00 NOTE
r-oldrel-macos-arm64 0.2.20 27.00 NOTE
r-oldrel-macos-x86_64 0.2.20 33.00 NOTE
r-oldrel-windows-ix86+x86_64 0.2.20 10.00 63.00 73.00 NOTE

Check Details

Version: 0.2.20
Check: LazyData
Result: NOTE
     'LazyData' is specified without a 'data' directory
Flavors: r-devel-linux-x86_64-debian-clang, r-devel-linux-x86_64-debian-gcc, r-devel-linux-x86_64-fedora-clang, r-devel-linux-x86_64-fedora-gcc, r-devel-windows-x86_64, r-patched-linux-x86_64, r-release-linux-x86_64, r-release-macos-arm64, r-release-macos-x86_64, r-release-windows-x86_64, r-oldrel-macos-arm64, r-oldrel-macos-x86_64, r-oldrel-windows-ix86+x86_64

Version: 0.2.20
Check: dependencies in R code
Result: NOTE
    Namespace in Imports field not imported from: ‘usethis’
     All declared Imports should be used.
Flavors: r-devel-linux-x86_64-fedora-clang, r-devel-linux-x86_64-fedora-gcc, r-release-macos-arm64, r-release-macos-x86_64, r-oldrel-macos-arm64, r-oldrel-macos-x86_64