Last updated on 2023-02-06 06:51:58 CET.
Flavor | Version | Tinstall | Tcheck | Ttotal | Status | Flags |
---|---|---|---|---|---|---|
r-devel-linux-x86_64-debian-clang | 1.0.5 | 108.48 | 62.24 | 170.72 | NOTE | |
r-devel-linux-x86_64-debian-gcc | 1.0.5 | 78.11 | 48.82 | 126.93 | NOTE | |
r-devel-linux-x86_64-fedora-clang | 1.0.5 | 239.59 | NOTE | |||
r-devel-linux-x86_64-fedora-gcc | 1.0.5 | 223.43 | NOTE | |||
r-devel-windows-x86_64 | 1.0.5 | 92.00 | 142.00 | 234.00 | NOTE | |
r-patched-linux-x86_64 | 1.0.5 | 81.26 | 62.87 | 144.13 | OK | |
r-release-linux-x86_64 | 1.0.5 | 83.51 | 61.31 | 144.82 | OK | |
r-release-macos-arm64 | 1.0.5 | 61.00 | NOTE | |||
r-release-macos-x86_64 | 1.0.5 | 82.00 | NOTE | |||
r-release-windows-x86_64 | 1.0.5 | 109.00 | 156.00 | 265.00 | OK | |
r-oldrel-macos-arm64 | 1.0.5 | 56.00 | NOTE | |||
r-oldrel-macos-x86_64 | 1.0.5 | 85.00 | NOTE | |||
r-oldrel-windows-ix86+x86_64 | 1.0.5 | 251.00 | 134.00 | 385.00 | OK |
Version: 1.0.5
Check: C++ specification
Result: NOTE
Specified C++11: please update to current default of C++17
Flavors: r-devel-linux-x86_64-debian-clang, r-devel-linux-x86_64-debian-gcc, r-devel-linux-x86_64-fedora-clang, r-devel-linux-x86_64-fedora-gcc, r-devel-windows-x86_64
Version: 1.0.5
Check: installed package size
Result: NOTE
installed size is 9.3Mb
sub-directories of 1Mb or more:
libs 8.9Mb
Flavors: r-release-macos-arm64, r-release-macos-x86_64, r-oldrel-macos-arm64, r-oldrel-macos-x86_64