CRAN Package Check Results for Package groupedstats

Last updated on 2019-03-19 16:51:32 CET.

Flavor Version Tinstall Tcheck Ttotal Status Flags
r-devel-linux-x86_64-debian-clang 0.0.5 11.73 114.21 125.94 OK
r-devel-linux-x86_64-debian-gcc 0.0.5 9.94 88.60 98.54 OK
r-devel-linux-x86_64-fedora-clang 0.0.5 152.88 OK
r-devel-linux-x86_64-fedora-gcc 0.0.5 138.78 OK
r-devel-windows-ix86+x86_64 0.0.5 39.00 166.00 205.00 OK
r-patched-linux-x86_64 0.0.5 7.14 106.38 113.52 OK
r-patched-solaris-x86 0.0.5 234.20 OK
r-release-linux-x86_64 0.0.5 6.92 105.93 112.85 OK
r-release-windows-ix86+x86_64 0.0.5 16.00 117.00 133.00 OK
r-release-osx-x86_64 0.0.5 OK
r-oldrel-windows-ix86+x86_64 0.0.3 1.00 6.00 7.00 ERROR
r-oldrel-osx-x86_64 0.0.5 ERROR

Check Details

Version: 0.0.3
Check: package dependencies
Result: ERROR
    Package required but not available: 'broom.mixed'
    
    See section 'The DESCRIPTION file' in the 'Writing R Extensions'
    manual.
Flavor: r-oldrel-windows-ix86+x86_64

Version: 0.0.5
Check: package dependencies
Result: ERROR
    Package required but not available: ‘broom.mixed’
    
    Packages required and available but unsuitable versions: ‘broom’ ‘sjstats’
    
    See section ‘The DESCRIPTION file’ in the ‘Writing R Extensions’
    manual.
Flavor: r-oldrel-osx-x86_64