CRAN Package Check Results for Package growcurves

Last updated on 2019-03-23 11:51:01 CET.

Flavor Version Tinstall Tcheck Ttotal Status Flags
r-devel-linux-x86_64-debian-clang 0.2.4.1 242.23 140.75 382.98 OK
r-devel-linux-x86_64-debian-gcc 0.2.4.1 195.41 108.21 303.62 OK
r-devel-linux-x86_64-fedora-clang 0.2.4.1 546.44 NOTE
r-devel-linux-x86_64-fedora-gcc 0.2.4.1 496.60 NOTE
r-devel-windows-ix86+x86_64 0.2.4.1 533.00 323.00 856.00 OK
r-patched-linux-x86_64 0.2.4.1 222.57 133.24 355.81 OK
r-patched-solaris-x86 0.2.4.1 466.10 OK
r-release-linux-x86_64 0.2.4.1 0.34 2.73 3.07 ERROR
r-release-windows-ix86+x86_64 0.2.4.1 426.00 265.00 691.00 OK
r-release-osx-x86_64 0.2.4.1 NOTE
r-oldrel-windows-ix86+x86_64 0.2.4.1 520.00 344.00 864.00 OK
r-oldrel-osx-x86_64 0.2.4.1 NOTE

Check Details

Version: 0.2.4.1
Check: installed package size
Result: NOTE
     installed size is 18.2Mb
     sub-directories of 1Mb or more:
     libs 17.6Mb
Flavors: r-devel-linux-x86_64-fedora-clang, r-release-osx-x86_64, r-oldrel-osx-x86_64

Version: 0.2.4.1
Check: compiled code
Result: NOTE
    File ‘growcurves/libs/growcurves.so’:
     Found no calls to: ‘R_registerRoutines’, ‘R_useDynamicSymbols’
    
    It is good practice to register native routines and to disable symbol
    search.
    
    See ‘Writing portable packages’ in the ‘Writing R Extensions’ manual.
Flavors: r-devel-linux-x86_64-fedora-clang, r-devel-linux-x86_64-fedora-gcc

Version: 0.2.4.1
Check: whether package can be installed
Result: ERROR
    Installation failed.
Flavor: r-release-linux-x86_64