CRAN Package Check Results for Package growfunctions

Last updated on 2021-04-12 19:49:20 CEST.

Flavor Version Tinstall Tcheck Ttotal Status Flags
r-devel-linux-x86_64-debian-clang 0.14 279.98 125.11 405.09 OK
r-devel-linux-x86_64-debian-gcc 0.14 197.20 91.00 288.20 OK
r-devel-linux-x86_64-fedora-clang 0.14 554.36 NOTE
r-devel-linux-x86_64-fedora-gcc 0.14 516.37 OK
r-devel-windows-ix86+x86_64 0.14 632.00 240.00 872.00 OK
r-devel-windows-x86_64-gcc10-UCRT 0.14 OK
r-patched-linux-x86_64 0.14 237.17 114.03 351.20 OK
r-patched-solaris-x86 0.14 452.80 OK
r-release-linux-x86_64 0.14 235.86 114.23 350.09 OK
r-release-macos-x86_64 0.14 NOTE
r-release-windows-ix86+x86_64 0.14 489.00 260.00 749.00 OK
r-oldrel-macos-x86_64 0.14 NOTE
r-oldrel-windows-ix86+x86_64 0.14 456.00 170.00 626.00 OK

Check Details

Version: 0.14
Check: installed package size
Result: NOTE
     installed size is 19.7Mb
     sub-directories of 1Mb or more:
     libs 19.2Mb
Flavors: r-devel-linux-x86_64-fedora-clang, r-release-macos-x86_64, r-oldrel-macos-x86_64