CRAN Package Check Results for Package grwat

Last updated on 2022-10-05 16:48:59 CEST.

Flavor Version Tinstall Tcheck Ttotal Status Flags
r-devel-linux-x86_64-debian-clang 0.0.2 39.45 403.53 442.98 OK
r-devel-linux-x86_64-debian-gcc 0.0.2 28.51 282.00 310.51 OK
r-devel-linux-x86_64-fedora-clang 0.0.2 549.74 OK
r-devel-linux-x86_64-fedora-gcc 0.0.2 536.06 OK
r-devel-windows-x86_64 0.0.2 64.00 438.00 502.00 OK
r-patched-linux-x86_64 0.0.2 29.03 373.13 402.16 OK
r-release-linux-x86_64 0.0.2 30.97 365.61 396.58 OK
r-release-macos-arm64 0.0.2 163.00 NOTE
r-release-macos-x86_64 0.0.2 189.00 NOTE
r-release-windows-x86_64 0.0.2 76.00 448.00 524.00 OK
r-oldrel-macos-arm64 0.0.2 146.00 NOTE
r-oldrel-macos-x86_64 0.0.2 187.00 NOTE
r-oldrel-windows-ix86+x86_64 0.0.2 82.00 674.00 756.00 OK

Check Details

Version: 0.0.2
Check: installed package size
Result: NOTE
     installed size is 5.1Mb
     sub-directories of 1Mb or more:
     doc 1.6Mb
     libs 2.4Mb
Flavors: r-release-macos-arm64, r-release-macos-x86_64, r-oldrel-macos-arm64, r-oldrel-macos-x86_64