Last updated on 2023-09-27 23:37:35 CEST.
Flavor | Version | Tinstall | Tcheck | Ttotal | Status | Flags |
---|---|---|---|---|---|---|
r-devel-linux-x86_64-debian-clang | 0.0.2 | 37.47 | 407.66 | 445.13 | OK | |
r-devel-linux-x86_64-debian-gcc | 0.0.2 | 25.74 | 289.95 | 315.69 | OK | |
r-devel-linux-x86_64-fedora-clang | 0.0.2 | 521.20 | OK | |||
r-devel-linux-x86_64-fedora-gcc | 0.0.2 | 542.11 | OK | |||
r-devel-windows-x86_64 | 0.0.2 | 31.00 | 312.00 | 343.00 | OK | |
r-patched-linux-x86_64 | 0.0.2 | 28.44 | 389.76 | 418.20 | OK | |
r-release-linux-x86_64 | 0.0.2 | 25.69 | 390.16 | 415.85 | OK | |
r-release-macos-arm64 | 0.0.2 | 146.00 | NOTE | |||
r-release-macos-x86_64 | 0.0.2 | 246.00 | NOTE | |||
r-release-windows-x86_64 | 0.0.2 | 38.00 | 410.00 | 448.00 | OK | |
r-oldrel-macos-arm64 | 0.0.2 | 163.00 | NOTE | |||
r-oldrel-macos-x86_64 | 0.0.2 | 189.00 | NOTE | |||
r-oldrel-windows-x86_64 | 0.0.2 | 36.00 | 413.00 | 449.00 | OK |
Version: 0.0.2
Check: installed package size
Result: NOTE
installed size is 5.2Mb
sub-directories of 1Mb or more:
doc 1.6Mb
libs 2.5Mb
Flavors: r-release-macos-arm64, r-oldrel-macos-arm64, r-oldrel-macos-x86_64
Version: 0.0.2
Check: package dependencies
Result: NOTE
Packages suggested but not available for checking: 'ncdf4', 'sf'
Flavor: r-release-macos-x86_64