CRAN Package Check Results for Package gsalib

Last updated on 2020-09-24 23:47:52 CEST.

Flavor Version Tinstall Tcheck Ttotal Status Flags
r-devel-linux-x86_64-debian-clang 2.1 2.10 19.39 21.49 NOTE
r-devel-linux-x86_64-debian-gcc 2.1 1.35 15.98 17.33 NOTE
r-devel-linux-x86_64-fedora-clang 2.1 35.43 NOTE
r-devel-linux-x86_64-fedora-gcc 2.1 25.76 NOTE
r-devel-windows-ix86+x86_64 2.1 4.00 27.00 31.00 NOTE
r-patched-linux-x86_64 2.1 2.06 19.21 21.27 NOTE
r-patched-solaris-x86 2.1 38.30 NOTE
r-release-linux-x86_64 2.1 2.06 19.09 21.15 NOTE
r-release-macos-x86_64 2.1 NOTE
r-release-windows-ix86+x86_64 2.1 4.00 28.00 32.00 NOTE
r-oldrel-macos-x86_64 2.1 NOTE
r-oldrel-windows-ix86+x86_64 2.1 4.00 36.00 40.00 NOTE

Check Details

Version: 2.1
Check: R code for possible problems
Result: NOTE
    .gsa.assignGATKTableToEnvironment: no visible global function
     definition for 'type.convert'
    Undefined global functions or variables:
     type.convert
    Consider adding
     importFrom("utils", "type.convert")
    to your NAMESPACE file.
Flavors: r-devel-linux-x86_64-debian-clang, r-devel-linux-x86_64-debian-gcc, r-devel-linux-x86_64-fedora-clang, r-devel-linux-x86_64-fedora-gcc, r-devel-windows-ix86+x86_64, r-patched-linux-x86_64, r-patched-solaris-x86, r-release-linux-x86_64, r-release-macos-x86_64, r-release-windows-ix86+x86_64, r-oldrel-macos-x86_64, r-oldrel-windows-ix86+x86_64