CRAN Package Check Results for Package gsalib

Last updated on 2021-12-03 02:48:56 CET.

Flavor Version Tinstall Tcheck Ttotal Status Flags
r-devel-linux-x86_64-debian-clang 2.1 2.09 20.57 22.66 NOTE
r-devel-linux-x86_64-debian-gcc 2.1 1.50 16.30 17.80 NOTE
r-devel-linux-x86_64-fedora-clang 2.1 39.47 NOTE
r-devel-linux-x86_64-fedora-gcc 2.1 27.84 NOTE
r-devel-windows-x86_64-new-UL 2.1 5.00 54.00 59.00 NOTE
r-devel-windows-x86_64-new-TK 2.1 NOTE
r-devel-windows-x86_64-old 2.1 3.00 25.00 28.00 NOTE
r-patched-linux-x86_64 2.1 2.13 20.05 22.18 NOTE
r-patched-solaris-x86 2.1 41.90 NOTE
r-release-linux-x86_64 2.1 1.88 19.77 21.65 NOTE
r-release-macos-arm64 2.1 NOTE
r-release-macos-x86_64 2.1 NOTE
r-release-windows-ix86+x86_64 2.1 4.00 23.00 27.00 NOTE
r-oldrel-macos-x86_64 2.1 NOTE
r-oldrel-windows-ix86+x86_64 2.1 4.00 23.00 27.00 NOTE

Check Details

Version: 2.1
Check: R code for possible problems
Result: NOTE
    .gsa.assignGATKTableToEnvironment: no visible global function
     definition for 'type.convert'
    Undefined global functions or variables:
     type.convert
    Consider adding
     importFrom("utils", "type.convert")
    to your NAMESPACE file.
Flavors: r-devel-linux-x86_64-debian-clang, r-devel-linux-x86_64-debian-gcc, r-devel-linux-x86_64-fedora-clang, r-devel-linux-x86_64-fedora-gcc, r-devel-windows-x86_64-new-UL, r-devel-windows-x86_64-new-TK, r-devel-windows-x86_64-old, r-patched-linux-x86_64, r-patched-solaris-x86, r-release-linux-x86_64, r-release-macos-arm64, r-release-macos-x86_64, r-release-windows-ix86+x86_64, r-oldrel-macos-x86_64, r-oldrel-windows-ix86+x86_64