CRAN Package Check Results for Package gsbDesign

Last updated on 2023-12-11 19:53:45 CET.

Flavor Version Tinstall Tcheck Ttotal Status Flags
r-devel-linux-x86_64-debian-clang 1.0-2 9.98 108.60 118.58 NOTE
r-devel-linux-x86_64-debian-gcc 1.0-2 8.68 80.49 89.17 NOTE
r-devel-linux-x86_64-fedora-clang 1.0-2 145.88 NOTE
r-devel-linux-x86_64-fedora-gcc 1.0-2 154.65 NOTE
r-devel-windows-x86_64 1.0-2 12.00 124.00 136.00 NOTE
r-patched-linux-x86_64 1.0-2 7.77 102.77 110.54 OK
r-release-linux-x86_64 1.0-2 6.75 101.34 108.09 OK
r-release-macos-arm64 1.0-2 66.00 OK
r-release-macos-x86_64 1.0-2 107.00 OK
r-release-windows-x86_64 1.0-2 12.00 135.00 147.00 OK
r-oldrel-macos-arm64 1.0-2 58.00 OK
r-oldrel-macos-x86_64 1.0-2 127.00 OK
r-oldrel-windows-x86_64 1.0-2 13.00 142.00 155.00 OK

Additional issues

donttest

Check Details

Version: 1.0-2
Check: Rd metadata
Result: NOTE Invalid package aliases in Rd file 'gsb-package.Rd': ‘gsb-package’ Flavors: r-devel-linux-x86_64-debian-clang, r-devel-linux-x86_64-debian-gcc, r-devel-linux-x86_64-fedora-clang, r-devel-linux-x86_64-fedora-gcc, r-devel-windows-x86_64