Last updated on 2021-04-19 03:49:14 CEST.
Flavor | Version | Tinstall | Tcheck | Ttotal | Status | Flags |
---|---|---|---|---|---|---|
r-devel-linux-x86_64-debian-clang | 1.1.0 | 13.67 | 122.94 | 136.61 | NOTE | |
r-devel-linux-x86_64-debian-gcc | 1.1.0 | 11.14 | 93.42 | 104.56 | NOTE | |
r-devel-linux-x86_64-fedora-clang | 1.1.0 | 167.75 | NOTE | |||
r-devel-linux-x86_64-fedora-gcc | 1.1.0 | 155.34 | NOTE | |||
r-devel-windows-ix86+x86_64 | 1.1.0 | 25.00 | 109.00 | 134.00 | NOTE | |
r-devel-windows-x86_64-gcc10-UCRT | 1.1.0 | NOTE | ||||
r-patched-linux-x86_64 | 1.1.0 | 11.47 | 111.01 | 122.48 | NOTE | |
r-patched-solaris-x86 | 1.1.0 | 233.10 | NOTE | |||
r-release-linux-x86_64 | 1.1.0 | 12.37 | 111.47 | 123.84 | NOTE | |
r-release-macos-x86_64 | 1.1.0 | NOTE | ||||
r-release-windows-ix86+x86_64 | 1.1.0 | 33.00 | 134.00 | 167.00 | NOTE | |
r-oldrel-macos-x86_64 | 1.1.0 | NOTE | ||||
r-oldrel-windows-ix86+x86_64 | 1.1.0 | 21.00 | 134.00 | 155.00 | NOTE |
Version: 1.1.0
Check: R code for possible problems
Result: NOTE
binding: no visible global function definition for 'rnorm'
binding: no visible binding for global variable 'var'
binding: no visible global function definition for 'uniroot'
equivonly: no visible global function definition for 'rnorm'
equivonly: no visible binding for global variable 'var'
equivonly: no visible global function definition for 'uniroot'
figureE: no visible global function definition for 'rgb'
figureEF: no visible global function definition for 'rgb'
nfix : f: no visible global function definition for 'pnorm'
nfix : f: no visible global function definition for 'qnorm'
nfix: no visible global function definition for 'uniroot'
nonbinding: no visible global function definition for 'rnorm'
nonbinding: no visible binding for global variable 'var'
nonbinding: no visible global function definition for 'uniroot'
oc: no visible global function definition for 'rnorm'
oc: no visible global function definition for 'var'
Undefined global functions or variables:
pnorm qnorm rgb rnorm uniroot var
Consider adding
importFrom("grDevices", "rgb")
importFrom("stats", "pnorm", "qnorm", "rnorm", "uniroot", "var")
to your NAMESPACE file.
Flavors: r-devel-linux-x86_64-debian-clang, r-devel-linux-x86_64-debian-gcc, r-devel-linux-x86_64-fedora-clang, r-devel-linux-x86_64-fedora-gcc, r-devel-windows-ix86+x86_64, r-devel-windows-x86_64-gcc10-UCRT, r-patched-linux-x86_64, r-patched-solaris-x86, r-release-linux-x86_64, r-release-macos-x86_64, r-release-windows-ix86+x86_64, r-oldrel-macos-x86_64, r-oldrel-windows-ix86+x86_64