CRAN Package Check Results for Package gsl

Last updated on 2018-11-17 22:56:31 CET.

Flavor Version Tinstall Tcheck Ttotal Status Flags
r-devel-linux-x86_64-debian-clang 1.9-10.3 10.79 46.13 56.92 OK
r-devel-linux-x86_64-debian-gcc 1.9-10.3 8.93 36.74 45.67 OK
r-devel-linux-x86_64-fedora-clang 1.9-10.3 68.92 NOTE
r-devel-linux-x86_64-fedora-gcc 1.9-10.3 67.73 NOTE
r-devel-windows-ix86+x86_64 1.9-10.3 42.00 103.00 145.00 OK
r-patched-linux-x86_64 1.9-10.3 10.77 45.84 56.61 OK
r-patched-solaris-x86 1.9-10.3 88.80 OK
r-release-linux-x86_64 1.9-10.3 11.27 45.18 56.45 OK
r-release-windows-ix86+x86_64 1.9-10.3 55.00 68.00 123.00 OK
r-release-osx-x86_64 1.9-10.3 OK
r-oldrel-windows-ix86+x86_64 1.9-10.3 37.00 94.00 131.00 OK
r-oldrel-osx-x86_64 1.9-10.3 OK

Additional issues

rchk

Check Details

Version: 1.9-10.3
Check: compiled code
Result: NOTE
    File ‘gsl/libs/gsl.so’:
     Found no calls to: ‘R_registerRoutines’, ‘R_useDynamicSymbols’
    
    It is good practice to register native routines and to disable symbol
    search.
    
    See ‘Writing portable packages’ in the ‘Writing R Extensions’ manual.
Flavors: r-devel-linux-x86_64-fedora-clang, r-devel-linux-x86_64-fedora-gcc