CRAN Package Check Results for Package gsl

Last updated on 2019-02-16 00:52:55 CET.

Flavor Version Tinstall Tcheck Ttotal Status Flags
r-devel-linux-x86_64-debian-clang 1.9-10.3 12.58 47.62 60.20 OK
r-devel-linux-x86_64-debian-gcc 1.9-10.3 9.39 37.11 46.50 OK
r-devel-linux-x86_64-fedora-clang 1.9-10.3 71.26 NOTE
r-devel-linux-x86_64-fedora-gcc 1.9-10.3 67.90 NOTE
r-devel-windows-ix86+x86_64 1.9-10.3 42.00 70.00 112.00 OK
r-patched-linux-x86_64 1.9-10.3 10.80 45.00 55.80 OK
r-patched-solaris-x86 1.9-10.3 87.80 OK
r-release-linux-x86_64 1.9-10.3 9.92 44.90 54.82 OK
r-release-windows-ix86+x86_64 1.9-10.3 41.00 71.00 112.00 OK
r-release-osx-x86_64 1.9-10.3 OK
r-oldrel-windows-ix86+x86_64 1.9-10.3 37.00 94.00 131.00 OK
r-oldrel-osx-x86_64 1.9-10.3 OK

Additional issues

rchk

Check Details

Version: 1.9-10.3
Check: compiled code
Result: NOTE
    File ‘gsl/libs/gsl.so’:
     Found no calls to: ‘R_registerRoutines’, ‘R_useDynamicSymbols’
    
    It is good practice to register native routines and to disable symbol
    search.
    
    See ‘Writing portable packages’ in the ‘Writing R Extensions’ manual.
Flavors: r-devel-linux-x86_64-fedora-clang, r-devel-linux-x86_64-fedora-gcc