CRAN Package Check Results for Package gsl

Last updated on 2018-09-24 21:49:11 CEST.

Flavor Version Tinstall Tcheck Ttotal Status Flags
r-devel-linux-x86_64-debian-clang 1.9-10.3 11.12 46.21 57.33 OK
r-devel-linux-x86_64-debian-gcc 1.9-10.3 9.26 35.93 45.19 OK
r-devel-linux-x86_64-fedora-clang 1.9-10.3 68.64 NOTE
r-devel-linux-x86_64-fedora-gcc 1.9-10.3 66.75 NOTE
r-devel-windows-ix86+x86_64 1.9-10.3 55.00 95.00 150.00 OK
r-patched-linux-x86_64 1.9-10.3 10.65 44.68 55.33 OK
r-patched-solaris-x86 1.9-10.3 85.10 OK
r-release-linux-x86_64 1.9-10.3 9.91 45.08 54.99 OK
r-release-windows-ix86+x86_64 1.9-10.3 55.00 68.00 123.00 OK
r-release-osx-x86_64 1.9-10.3 OK
r-oldrel-windows-ix86+x86_64 1.9-10.3 37.00 66.00 103.00 OK
r-oldrel-osx-x86_64 1.9-10.3 OK

Additional issues

rchk

Check Details

Version: 1.9-10.3
Check: compiled code
Result: NOTE
    File ‘gsl/libs/gsl.so’:
     Found no calls to: ‘R_registerRoutines’, ‘R_useDynamicSymbols’
    
    It is good practice to register native routines and to disable symbol
    search.
    
    See ‘Writing portable packages’ in the ‘Writing R Extensions’ manual.
Flavors: r-devel-linux-x86_64-fedora-clang, r-devel-linux-x86_64-fedora-gcc