CRAN Package Check Results for Package gsl

Last updated on 2019-06-25 09:50:46 CEST.

Flavor Version Tinstall Tcheck Ttotal Status Flags
r-devel-linux-x86_64-debian-clang 2.1-6 13.28 48.83 62.11 OK
r-devel-linux-x86_64-debian-gcc 2.1-6 9.13 38.04 47.17 OK
r-devel-linux-x86_64-fedora-clang 2.1-6 72.56 OK
r-devel-linux-x86_64-fedora-gcc 2.1-6 71.08 OK
r-devel-windows-ix86+x86_64 2.1-6 61.00 81.00 142.00 OK
r-patched-linux-x86_64 2.1-6 10.87 49.29 60.16 OK
r-patched-solaris-x86 2.1-6 105.40 OK
r-release-linux-x86_64 2.1-6 11.10 49.11 60.21 OK
r-release-windows-ix86+x86_64 2.1-6 43.00 101.00 144.00 OK
r-release-osx-x86_64 2.1-6 ERROR
r-oldrel-windows-ix86+x86_64 2.1-6 38.00 70.00 108.00 OK
r-oldrel-osx-x86_64 2.1-6 ERROR

Check Details

Version: 2.1-6
Check: whether package can be installed
Result: ERROR
    Installation failed.
Flavors: r-release-osx-x86_64, r-oldrel-osx-x86_64