CRAN Package Check Results for Package gsloid

Last updated on 2019-06-25 09:50:46 CEST.

Flavor Version Tinstall Tcheck Ttotal Status Flags
r-devel-linux-x86_64-debian-clang 0.1.0 1.41 23.45 24.86 NOTE
r-devel-linux-x86_64-debian-gcc 0.1.0 1.20 18.75 19.95 NOTE
r-devel-linux-x86_64-fedora-clang 0.1.0 30.97 OK
r-devel-linux-x86_64-fedora-gcc 0.1.0 29.11 OK
r-devel-windows-ix86+x86_64 0.1.0 6.00 38.00 44.00 OK
r-patched-linux-x86_64 0.1.0 1.42 23.14 24.56 OK
r-patched-solaris-x86 0.1.0 48.20 OK
r-release-linux-x86_64 0.1.0 1.48 23.25 24.73 OK
r-release-windows-ix86+x86_64 0.1.0 4.00 50.00 54.00 OK
r-release-osx-x86_64 0.1.0 OK
r-oldrel-windows-ix86+x86_64 0.1.0 2.00 33.00 35.00 OK
r-oldrel-osx-x86_64 0.1.0 OK

Check Details

Version: 0.1.0
Check: package vignettes
Result: NOTE
    Package vignette with placeholder title 'Vignette Title':
     'Introduction.Rmd'
Flavors: r-devel-linux-x86_64-debian-clang, r-devel-linux-x86_64-debian-gcc