CRAN Package Check Results for Package gsloid

Last updated on 2020-10-02 00:46:55 CEST.

Flavor Version Tinstall Tcheck Ttotal Status Flags
r-devel-linux-x86_64-debian-clang 0.1.0 1.80 25.21 27.01 NOTE
r-devel-linux-x86_64-debian-gcc 0.1.0 1.44 19.87 21.31 NOTE
r-devel-linux-x86_64-fedora-clang 0.1.0 42.12 OK
r-devel-linux-x86_64-fedora-gcc 0.1.0 32.91 OK
r-devel-windows-ix86+x86_64 0.1.0 4.00 38.00 42.00 NOTE
r-patched-linux-x86_64 0.1.0 1.65 24.96 26.61 NOTE
r-patched-solaris-x86 0.1.0 47.80 OK
r-release-linux-x86_64 0.1.0 1.85 24.45 26.30 NOTE
r-release-macos-x86_64 0.1.0 OK
r-release-windows-ix86+x86_64 0.1.0 15.00 43.00 58.00 NOTE
r-oldrel-macos-x86_64 0.1.0 OK
r-oldrel-windows-ix86+x86_64 0.1.0 4.00 41.00 45.00 OK

Check Details

Version: 0.1.0
Check: package vignettes
Result: NOTE
    Package vignette with placeholder title 'Vignette Title':
     'Introduction.Rmd'
Flavors: r-devel-linux-x86_64-debian-clang, r-devel-linux-x86_64-debian-gcc, r-devel-windows-ix86+x86_64, r-patched-linux-x86_64, r-release-linux-x86_64, r-release-windows-ix86+x86_64