CRAN Package Check Results for Package gss

Last updated on 2022-12-01 04:00:33 CET.

Flavor Version Tinstall Tcheck Ttotal Status Flags
r-devel-linux-x86_64-debian-clang 2.2-3 40.87 175.85 216.72 WARN
r-devel-linux-x86_64-debian-gcc 2.2-3 34.18 130.08 164.26 WARN
r-devel-linux-x86_64-fedora-clang 2.2-3 281.01 WARN
r-devel-linux-x86_64-fedora-gcc 2.2-3 279.64 WARN
r-devel-windows-x86_64 2.2-3 103.00 203.00 306.00 OK
r-patched-linux-x86_64 2.2-3 46.43 172.25 218.68 OK
r-release-linux-x86_64 2.2-3 41.93 171.86 213.79 OK
r-release-macos-arm64 2.2-3 72.00 OK
r-release-macos-x86_64 2.2-3 98.00 OK
r-release-windows-x86_64 2.2-3 73.00 180.00 253.00 OK
r-oldrel-macos-arm64 2.2-3 72.00 OK
r-oldrel-macos-x86_64 2.2-3 109.00 OK
r-oldrel-windows-ix86+x86_64 2.2-3 91.00 157.00 248.00 OK

Check Details

Version: 2.2-3
Check: whether package can be installed
Result: WARN
    Found the following significant warnings:
     smolyak.c:58:17: warning: a function declaration without a prototype is deprecated in all versions of C [-Wstrict-prototypes]
     smolyak.c:79:20: warning: a function declaration without a prototype is deprecated in all versions of C [-Wstrict-prototypes]
     smolyak.c:227:14: warning: a function declaration without a prototype is deprecated in all versions of C [-Wstrict-prototypes]
     smolyak.c:477:10: warning: a function declaration without a prototype is deprecated in all versions of C [-Wstrict-prototypes]
Flavors: r-devel-linux-x86_64-debian-clang, r-devel-linux-x86_64-fedora-clang

Version: 2.2-3
Check: whether package can be installed
Result: WARN
    Found the following significant warnings:
     smolyak.c:58:1: warning: function declaration isn’t a prototype [-Wstrict-prototypes]
     smolyak.c:79:1: warning: function declaration isn’t a prototype [-Wstrict-prototypes]
     smolyak.c:227:8: warning: function declaration isn’t a prototype [-Wstrict-prototypes]
     smolyak.c:477:6: warning: function declaration isn’t a prototype [-Wstrict-prototypes]
Flavors: r-devel-linux-x86_64-debian-gcc, r-devel-linux-x86_64-fedora-gcc