CRAN Package Check Results for Package gss

Last updated on 2021-09-21 12:53:26 CEST.

Flavor Version Tinstall Tcheck Ttotal Status Flags
r-devel-linux-x86_64-debian-clang 2.2-3 41.85 169.47 211.32 OK
r-devel-linux-x86_64-debian-gcc 2.2-3 33.88 127.26 161.14 OK
r-devel-linux-x86_64-fedora-clang 2.2-3 259.33 OK
r-devel-linux-x86_64-fedora-gcc 2.2-3 251.53 OK
r-devel-windows-x86_64 2.2-3 54.00 139.00 193.00 OK
r-devel-windows-x86_64-gcc10-UCRT 2.2-3 ERROR
r-patched-linux-x86_64 2.2-3 37.53 162.97 200.50 OK
r-patched-solaris-x86 2.2-3 298.60 OK
r-release-linux-x86_64 2.2-3 36.36 164.27 200.63 OK
r-release-macos-arm64 2.2-3 OK
r-release-macos-x86_64 2.2-3 OK
r-release-windows-ix86+x86_64 2.2-3 91.00 157.00 248.00 OK
r-oldrel-macos-x86_64 2.2-3 OK
r-oldrel-windows-ix86+x86_64 2.2-3 91.00 213.00 304.00 OK

Check Details

Version: 2.2-3
Check: whether package can be installed
Result: ERROR
    Installation failed.
Flavor: r-devel-windows-x86_64-gcc10-UCRT