CRAN Package Check Results for Package gss

Last updated on 2020-10-01 03:48:38 CEST.

Flavor Version Tinstall Tcheck Ttotal Status Flags
r-devel-linux-x86_64-debian-clang 2.2-2 38.48 169.60 208.08 OK
r-devel-linux-x86_64-debian-gcc 2.2-2 0.54 3.06 3.60 ERROR
r-devel-linux-x86_64-fedora-clang 2.2-2 250.54 OK
r-devel-linux-x86_64-fedora-gcc 2.2-2 246.07 OK
r-devel-windows-ix86+x86_64 2.2-2 92.00 192.00 284.00 OK
r-patched-linux-x86_64 2.2-2 40.05 154.12 194.17 OK
r-patched-solaris-x86 2.2-2 290.20 OK
r-release-linux-x86_64 2.2-2 39.82 151.80 191.62 OK
r-release-macos-x86_64 2.2-2 OK
r-release-windows-ix86+x86_64 2.2-2 68.00 223.00 291.00 OK
r-oldrel-macos-x86_64 2.2-2 OK
r-oldrel-windows-ix86+x86_64 2.2-2 99.00 217.00 316.00 OK

Check Details

Version: 2.2-2
Check: whether package can be installed
Result: ERROR
    Installation failed.
Flavor: r-devel-linux-x86_64-debian-gcc