CRAN Package Check Results for Package gstar

Last updated on 2023-09-29 01:56:07 CEST.

Flavor Version Tinstall Tcheck Ttotal Status Flags
r-devel-linux-x86_64-debian-clang 0.1.0 7.38 55.66 63.04 OK
r-devel-linux-x86_64-debian-gcc 0.1.0 3.79 41.68 45.47 OK
r-devel-linux-x86_64-fedora-clang 0.1.0 75.33 NOTE
r-devel-linux-x86_64-fedora-gcc 0.1.0 74.51 NOTE
r-devel-windows-x86_64 0.1.0 7.00 54.00 61.00 OK
r-patched-linux-x86_64 0.1.0 6.86 52.94 59.80 OK
r-release-linux-x86_64 0.1.0 6.05 52.95 59.00 OK
r-release-macos-arm64 0.1.0 29.00 OK
r-release-macos-x86_64 0.1.0 39.00 OK
r-release-windows-x86_64 0.1.0 8.00 68.00 76.00 OK
r-oldrel-macos-arm64 0.1.0 24.00 NOTE
r-oldrel-macos-x86_64 0.1.0 46.00 NOTE
r-oldrel-windows-x86_64 0.1.0 9.00 70.00 79.00 OK

Check Details

Version: 0.1.0
Check: dependencies in R code
Result: NOTE
    Namespace in Imports field not imported from: ‘dplyr’
     All declared Imports should be used.
Flavors: r-devel-linux-x86_64-fedora-clang, r-devel-linux-x86_64-fedora-gcc, r-oldrel-macos-arm64, r-oldrel-macos-x86_64