CRAN Package Check Results for Package gstar

Last updated on 2022-11-27 09:53:29 CET.

Flavor Version Tinstall Tcheck Ttotal Status Flags
r-devel-linux-x86_64-debian-clang 0.1.0 6.24 60.32 66.56 OK
r-devel-linux-x86_64-debian-gcc 0.1.0 5.14 44.96 50.10 OK
r-devel-linux-x86_64-fedora-clang 0.1.0 91.09 NOTE
r-devel-linux-x86_64-fedora-gcc 0.1.0 87.14 NOTE
r-devel-windows-x86_64 0.1.0 16.00 84.00 100.00 OK
r-patched-linux-x86_64 0.1.0 5.85 56.31 62.16 OK
r-release-linux-x86_64 0.1.0 6.35 57.03 63.38 OK
r-release-macos-arm64 0.1.0 24.00 NOTE
r-release-macos-x86_64 0.1.0 46.00 NOTE
r-release-windows-x86_64 0.1.0 14.00 86.00 100.00 OK
r-oldrel-macos-arm64 0.1.0 32.00 NOTE
r-oldrel-macos-x86_64 0.1.0 43.00 NOTE
r-oldrel-windows-ix86+x86_64 0.1.0 16.00 81.00 97.00 OK

Check Details

Version: 0.1.0
Check: dependencies in R code
Result: NOTE
    Namespace in Imports field not imported from: ‘dplyr’
     All declared Imports should be used.
Flavors: r-devel-linux-x86_64-fedora-clang, r-devel-linux-x86_64-fedora-gcc, r-release-macos-arm64, r-release-macos-x86_64, r-oldrel-macos-arm64, r-oldrel-macos-x86_64