CRAN Package Check Results for Package gstat

Last updated on 2021-06-13 02:51:26 CEST.

Flavor Version Tinstall Tcheck Ttotal Status Flags
r-devel-linux-x86_64-debian-clang 2.0-7 25.87 206.57 232.44 OK
r-devel-linux-x86_64-debian-gcc 2.0-7 17.41 156.56 173.97 OK
r-devel-linux-x86_64-fedora-clang 2.0-7 170.64 OK
r-devel-linux-x86_64-fedora-gcc 2.0-7 152.64 OK
r-devel-windows-x86_64 2.0-7 38.00 296.00 334.00 OK
r-devel-windows-x86_64-gcc10-UCRT 2.0-7 ERROR
r-patched-linux-x86_64 2.0-7 23.11 199.37 222.48 OK
r-patched-solaris-x86 2.0-7 398.60 OK
r-release-linux-x86_64 2.0-7 18.80 199.10 217.90 OK
r-release-macos-arm64 2.0-7 ERROR
r-release-macos-x86_64 2.0-7 ERROR
r-release-windows-ix86+x86_64 2.0-7 55.00 368.00 423.00 OK
r-oldrel-macos-x86_64 2.0-7 OK
r-oldrel-windows-ix86+x86_64 2.0-7 49.00 398.00 447.00 OK

Check Details

Version: 2.0-7
Check: package dependencies
Result: NOTE
    Packages suggested but not available for checking: 'sf', 'stars'
Flavor: r-devel-windows-x86_64-gcc10-UCRT

Version: 2.0-7
Check: tests
Result: ERROR
     Running 'allier.R'
     Comparing 'allier.Rout' to 'allier.Rout.save' ... OK
     Running 'blockkr.R'
     Comparing 'blockkr.Rout' to 'blockkr.Rout.save' ... OK
     Running 'covtable.R'
     Comparing 'covtable.Rout' to 'covtable.Rout.save' ... OK
     Running 'cv.R'
     Comparing 'cv.Rout' to 'cv.Rout.save' ... OK
     Running 'cv3d.R'
     Comparing 'cv3d.Rout' to 'cv3d.Rout.save' ... OK
     Running 'fit.R'
     Comparing 'fit.Rout' to 'fit.Rout.save' ... OK
     Running 'krige0.R'
     Comparing 'krige0.Rout' to 'krige0.Rout.save' ... OK
     Running 'line.R'
     Comparing 'line.Rout' to 'line.Rout.save' ... OK
     Running 'merge.R'
     Comparing 'merge.Rout' to 'merge.Rout.save' ... OK
     Running 'na.action.R'
     Comparing 'na.action.Rout' to 'na.action.Rout.save' ... OK
     Running 'rings.R'
     Comparing 'rings.Rout' to 'rings.Rout.save' ... OK
     Running 'sim.R'
     Comparing 'sim.Rout' to 'sim.Rout.save' ... OK
     Running 'stars.R'
    Running the tests in 'tests/stars.R' failed.
    Last 13 lines of output:
     > v = variogram(log(zinc)~1, meuse)
     > (v.fit = fit.variogram(v, vgm(1, "Sph", 900, 1)))
     model psill range
     1 Nug 0.05066243 0.0000
     2 Sph 0.59060780 897.0209
     > k_sp = krige(log(zinc)~1, meuse[-(1:5),], meuse[1:5,], v.fit)
     [using ordinary kriging]
     > k_sp_grd = krige(log(zinc)~1, meuse, meuse.grid, v.fit)
     [using ordinary kriging]
     >
     > # 1. using sf:
     > suppressPackageStartupMessages(library(sf))
     Error in library(sf) : there is no package called 'sf'
     Calls: suppressPackageStartupMessages -> withCallingHandlers -> library
     Execution halted
Flavor: r-devel-windows-x86_64-gcc10-UCRT

Version: 2.0-7
Check: package dependencies
Result: NOTE
    Packages suggested but not available for checking: 'rgdal', 'sf', 'stars'
Flavor: r-release-macos-arm64

Version: 2.0-7
Check: tests
Result: ERROR
     Running ‘allier.R’ [1s/1s]
     Comparing ‘allier.Rout’ to ‘allier.Rout.save’ ... OK
     Running ‘blockkr.R’ [1s/1s]
     Comparing ‘blockkr.Rout’ to ‘blockkr.Rout.save’ ... OK
     Running ‘covtable.R’ [1s/1s]
     Comparing ‘covtable.Rout’ to ‘covtable.Rout.save’ ... OK
     Running ‘cv.R’ [1s/1s]
     Comparing ‘cv.Rout’ to ‘cv.Rout.save’ ... OK
     Running ‘cv3d.R’ [1s/1s]
     Comparing ‘cv3d.Rout’ to ‘cv3d.Rout.save’ ... OK
     Running ‘fit.R’ [0s/1s]
     Comparing ‘fit.Rout’ to ‘fit.Rout.save’ ... OK
     Running ‘krige0.R’ [1s/2s]
     Comparing ‘krige0.Rout’ to ‘krige0.Rout.save’ ... OK
     Running ‘line.R’ [1s/1s]
     Comparing ‘line.Rout’ to ‘line.Rout.save’ ... OK
     Running ‘merge.R’ [1s/1s]
     Comparing ‘merge.Rout’ to ‘merge.Rout.save’ ... OK
     Running ‘na.action.R’ [1s/1s]
     Comparing ‘na.action.Rout’ to ‘na.action.Rout.save’ ... OK
     Running ‘rings.R’ [1s/1s]
     Comparing ‘rings.Rout’ to ‘rings.Rout.save’ ... OK
     Running ‘sim.R’ [0s/1s]
     Comparing ‘sim.Rout’ to ‘sim.Rout.save’ ... OK
     Running ‘stars.R’ [1s/1s]
    Running the tests in ‘tests/stars.R’ failed.
    Last 13 lines of output:
     > v = variogram(log(zinc)~1, meuse)
     > (v.fit = fit.variogram(v, vgm(1, "Sph", 900, 1)))
     model psill range
     1 Nug 0.05066243 0.0000
     2 Sph 0.59060780 897.0209
     > k_sp = krige(log(zinc)~1, meuse[-(1:5),], meuse[1:5,], v.fit)
     [using ordinary kriging]
     > k_sp_grd = krige(log(zinc)~1, meuse, meuse.grid, v.fit)
     [using ordinary kriging]
     >
     > # 1. using sf:
     > suppressPackageStartupMessages(library(sf))
     Error in library(sf) : there is no package called 'sf'
     Calls: suppressPackageStartupMessages -> withCallingHandlers -> library
     Execution halted
Flavor: r-release-macos-arm64

Version: 2.0-7
Check: package dependencies
Result: NOTE
    Package suggested but not available for checking: ‘sf’
Flavor: r-release-macos-x86_64

Version: 2.0-7
Check: tests
Result: ERROR
     Running ‘allier.R’ [1s/1s]
     Comparing ‘allier.Rout’ to ‘allier.Rout.save’ ... OK
     Running ‘blockkr.R’ [1s/1s]
     Comparing ‘blockkr.Rout’ to ‘blockkr.Rout.save’ ... OK
     Running ‘covtable.R’ [1s/1s]
     Comparing ‘covtable.Rout’ to ‘covtable.Rout.save’ ... OK
     Running ‘cv.R’ [1s/2s]
     Comparing ‘cv.Rout’ to ‘cv.Rout.save’ ... OK
     Running ‘cv3d.R’ [1s/2s]
     Comparing ‘cv3d.Rout’ to ‘cv3d.Rout.save’ ... OK
     Running ‘fit.R’ [1s/2s]
     Comparing ‘fit.Rout’ to ‘fit.Rout.save’ ... OK
     Running ‘krige0.R’ [2s/3s]
     Comparing ‘krige0.Rout’ to ‘krige0.Rout.save’ ... OK
     Running ‘line.R’ [1s/2s]
     Comparing ‘line.Rout’ to ‘line.Rout.save’ ... OK
     Running ‘merge.R’ [1s/1s]
     Comparing ‘merge.Rout’ to ‘merge.Rout.save’ ... OK
     Running ‘na.action.R’ [1s/1s]
     Comparing ‘na.action.Rout’ to ‘na.action.Rout.save’ ... OK
     Running ‘rings.R’ [1s/1s]
     Comparing ‘rings.Rout’ to ‘rings.Rout.save’ ... OK
     Running ‘sim.R’ [1s/1s]
     Comparing ‘sim.Rout’ to ‘sim.Rout.save’ ... OK
     Running ‘stars.R’ [1s/2s]
    Running the tests in ‘tests/stars.R’ failed.
    Last 13 lines of output:
     > v = variogram(log(zinc)~1, meuse)
     > (v.fit = fit.variogram(v, vgm(1, "Sph", 900, 1)))
     model psill range
     1 Nug 0.05066243 0.0000
     2 Sph 0.59060780 897.0209
     > k_sp = krige(log(zinc)~1, meuse[-(1:5),], meuse[1:5,], v.fit)
     [using ordinary kriging]
     > k_sp_grd = krige(log(zinc)~1, meuse, meuse.grid, v.fit)
     [using ordinary kriging]
     >
     > # 1. using sf:
     > suppressPackageStartupMessages(library(sf))
     Error in library(sf) : there is no package called 'sf'
     Calls: suppressPackageStartupMessages -> withCallingHandlers -> library
     Execution halted
Flavor: r-release-macos-x86_64