CRAN Package Check Results for Package gt

Last updated on 2020-09-26 00:50:13 CEST.

Flavor Version Tinstall Tcheck Ttotal Status Flags
r-devel-linux-x86_64-debian-clang 0.2.2 16.49 318.50 334.99 OK
r-devel-linux-x86_64-debian-gcc 0.2.2 12.40 242.44 254.84 OK
r-devel-linux-x86_64-fedora-clang 0.2.2 382.88 NOTE
r-devel-linux-x86_64-fedora-gcc 0.2.2 387.67 NOTE
r-devel-windows-ix86+x86_64 0.2.2 28.00 356.00 384.00 NOTE
r-patched-linux-x86_64 0.2.2 15.48 311.91 327.39 OK
r-patched-solaris-x86 0.2.2 459.20 NOTE
r-release-linux-x86_64 0.2.2 14.14 309.91 324.05 OK
r-release-macos-x86_64 0.2.2 NOTE
r-release-windows-ix86+x86_64 0.2.2 35.00 385.00 420.00 NOTE
r-oldrel-macos-x86_64 0.2.2 NOTE
r-oldrel-windows-ix86+x86_64 0.2.2 25.00 359.00 384.00 NOTE

Check Details

Version: 0.2.2
Check: installed package size
Result: NOTE
     installed size is 6.1Mb
     sub-directories of 1Mb or more:
     help 4.0Mb
Flavors: r-devel-linux-x86_64-fedora-clang, r-devel-windows-ix86+x86_64, r-patched-solaris-x86, r-release-macos-x86_64, r-release-windows-ix86+x86_64, r-oldrel-macos-x86_64, r-oldrel-windows-ix86+x86_64

Version: 0.2.2
Check: data for non-ASCII characters
Result: NOTE
     Note: found 116 marked UTF-8 strings
Flavors: r-devel-linux-x86_64-fedora-clang, r-devel-linux-x86_64-fedora-gcc, r-patched-solaris-x86, r-release-macos-x86_64, r-oldrel-macos-x86_64