Last updated on 2021-01-24 18:47:27 CET.
Flavor | Version | Tinstall | Tcheck | Ttotal | Status | Flags |
---|---|---|---|---|---|---|
r-devel-linux-x86_64-debian-clang | 0.3.0 | 2.09 | 66.57 | 68.66 | OK | |
r-devel-linux-x86_64-debian-gcc | 0.3.0 | 2.40 | 48.62 | 51.02 | OK | |
r-devel-linux-x86_64-fedora-clang | 0.3.0 | 89.05 | OK | |||
r-devel-linux-x86_64-fedora-gcc | 0.3.0 | 81.10 | OK | |||
r-devel-windows-ix86+x86_64 | 0.3.0 | 7.00 | 71.00 | 78.00 | OK | |
r-patched-linux-x86_64 | 0.3.0 | 2.61 | 61.93 | 64.54 | OK | |
r-patched-solaris-x86 | 0.3.0 | 58.10 | WARN | |||
r-release-linux-x86_64 | 0.3.0 | 3.06 | 61.97 | 65.03 | OK | |
r-release-macos-x86_64 | 0.3.0 | WARN | ||||
r-release-windows-ix86+x86_64 | 0.3.0 | 12.00 | 80.00 | 92.00 | OK | |
r-oldrel-macos-x86_64 | 0.3.0 | ERROR | ||||
r-oldrel-windows-ix86+x86_64 | 0.3.0 | 5.00 | 99.00 | 104.00 | OK |
Version: 0.3.0
Check: re-building of vignette outputs
Result: WARN
Error(s) in re-building vignettes:
...
--- re-building ‘profiling.Rmd’ using rmarkdown
Warning in engine$weave(file, quiet = quiet, encoding = enc) :
Pandoc (>= 1.12.3) and/or pandoc-citeproc not available. Falling back to R Markdown v1.
Flavor: r-patched-solaris-x86
Version: 0.3.0
Check: re-building of vignette outputs
Result: WARN
Error(s) in re-building vignettes:
...
--- re-building ‘profiling.Rmd’ using rmarkdown
Warning in engine$weave(file, quiet = quiet, encoding = enc) :
Pandoc (>= 1.12.3) and/or pandoc-citeproc not available. Falling back to R Markdown v1.
Quitting from lines 22-34 (profiling.Rmd)
Error: processing vignette 'profiling.Rmd' failed with diagnostics:
cannot open the connection
--- failed re-building ‘profiling.Rmd’
SUMMARY: processing the following file failed:
‘profiling.Rmd’
Error: Vignette re-building failed.
Execution halted
Flavor: r-release-macos-x86_64
Version: 0.3.0
Check: tests
Result: ERROR
Running ‘testthat.R’ [0s/1s]
Running the tests in ‘tests/testthat.R’ failed.
Complete output:
> library(testthat)
Error: package or namespace load failed for 'testthat' in loadNamespace(i, c(lib.loc, .libPaths()), versionCheck = vI[[i]]):
there is no package called 'rlang'
Execution halted
Flavor: r-oldrel-macos-x86_64
Version: 0.3.0
Check: re-building of vignette outputs
Result: WARN
Error(s) in re-building vignettes:
...
--- re-building ‘profiling.Rmd’ using rmarkdown
Warning in engine$weave(file, quiet = quiet, encoding = enc) :
Pandoc (>= 1.12.3) and/or pandoc-citeproc not available. Falling back to R Markdown v1.
Quitting from lines 22-34 (profiling.Rmd)
Error: processing vignette 'profiling.Rmd' failed with diagnostics:
package or namespace load failed for 'ggplot2' in loadNamespace(j <- i[[1L]], c(lib.loc, .libPaths()), versionCheck = vI[[j]]):
there is no package called 'rlang'
--- failed re-building ‘profiling.Rmd’
SUMMARY: processing the following file failed:
‘profiling.Rmd’
Error: Vignette re-building failed.
Execution halted
Flavor: r-oldrel-macos-x86_64