CRAN Package Check Results for Package gtfsrouter

Last updated on 2019-10-14 05:46:57 CEST.

Flavor Version Tinstall Tcheck Ttotal Status Flags
r-devel-linux-x86_64-debian-clang 0.0.1 49.50 104.71 154.21 OK
r-devel-linux-x86_64-debian-gcc 0.0.1 34.10 97.33 131.43 OK
r-devel-linux-x86_64-fedora-clang 0.0.1 174.45 NOTE
r-devel-linux-x86_64-fedora-gcc 0.0.1 165.81 OK
r-devel-windows-ix86+x86_64 0.0.1 92.00 194.00 286.00 OK
r-patched-linux-x86_64 0.0.1 37.39 96.53 133.92 OK
r-patched-solaris-x86 0.0.1 174.60 OK
r-release-linux-x86_64 0.0.1 39.37 97.75 137.12 OK
r-release-windows-ix86+x86_64 0.0.1 118.00 145.00 263.00 OK
r-release-osx-x86_64 0.0.1 OK
r-oldrel-windows-ix86+x86_64 0.0.1 86.00 140.00 226.00 OK
r-oldrel-osx-x86_64 0.0.1 OK

Check Details

Version: 0.0.1
Check: installed package size
Result: NOTE
     installed size is 5.2Mb
     sub-directories of 1Mb or more:
     doc 2.1Mb
     libs 2.7Mb
Flavor: r-devel-linux-x86_64-fedora-clang