CRAN Package Check Results for Package gtfsrouter

Last updated on 2019-07-16 07:50:47 CEST.

Flavor Version Tinstall Tcheck Ttotal Status Flags
r-devel-linux-x86_64-debian-clang 0.0.1 38.49 109.31 147.80 OK
r-devel-linux-x86_64-debian-gcc 0.0.1 34.81 103.50 138.31 OK
r-devel-linux-x86_64-fedora-clang 0.0.1 170.25 NOTE
r-devel-linux-x86_64-fedora-gcc 0.0.1 176.59 OK
r-devel-windows-ix86+x86_64 0.0.1 128.00 203.00 331.00 OK
r-patched-linux-x86_64 0.0.1 42.65 106.68 149.33 OK
r-patched-solaris-x86 0.0.1 183.60 OK
r-release-linux-x86_64 0.0.1 40.31 100.45 140.76 OK
r-release-windows-ix86+x86_64 0.0.1 94.00 146.00 240.00 OK
r-release-osx-x86_64 0.0.1 OK
r-oldrel-windows-ix86+x86_64 0.0.1 117.00 228.00 345.00 OK
r-oldrel-osx-x86_64 0.0.1 OK

Check Details

Version: 0.0.1
Check: installed package size
Result: NOTE
     installed size is 5.0Mb
     sub-directories of 1Mb or more:
     doc 2.1Mb
     libs 2.5Mb
Flavor: r-devel-linux-x86_64-fedora-clang