CRAN Package Check Results for Package gtfstools

Last updated on 2021-09-17 20:49:17 CEST.

Flavor Version Tinstall Tcheck Ttotal Status Flags
r-devel-linux-x86_64-debian-clang 0.1.0 3.44 65.57 69.01 NOTE
r-devel-linux-x86_64-debian-gcc 0.1.0 2.89 43.95 46.84 NOTE
r-devel-linux-x86_64-fedora-clang 0.1.0 85.10 NOTE
r-devel-linux-x86_64-fedora-gcc 0.1.0 70.25 NOTE
r-devel-windows-x86_64 0.1.0 5.00 84.00 89.00 NOTE
r-devel-windows-x86_64-gcc10-UCRT 0.1.0 NOTE
r-patched-linux-x86_64 0.1.0 3.89 53.36 57.25 NOTE
r-patched-solaris-x86 0.1.0 101.70 NOTE
r-release-linux-x86_64 0.1.0 3.78 53.43 57.21 NOTE
r-release-macos-arm64 0.1.0 NOTE
r-release-macos-x86_64 0.1.0 NOTE
r-release-windows-ix86+x86_64 0.1.0 7.00 56.00 63.00 NOTE
r-oldrel-macos-x86_64 0.1.0 OK
r-oldrel-windows-ix86+x86_64 0.1.0 8.00 58.00 66.00 OK

Check Details

Version: 0.1.0
Check: LazyData
Result: NOTE
     'LazyData' is specified without a 'data' directory
Flavors: r-devel-linux-x86_64-debian-clang, r-devel-linux-x86_64-debian-gcc, r-devel-linux-x86_64-fedora-clang, r-devel-linux-x86_64-fedora-gcc, r-devel-windows-x86_64, r-devel-windows-x86_64-gcc10-UCRT, r-patched-linux-x86_64, r-patched-solaris-x86, r-release-linux-x86_64, r-release-macos-arm64, r-release-macos-x86_64, r-release-windows-ix86+x86_64