CRAN Package Check Results for Package gtools

Last updated on 2022-06-25 08:52:01 CEST.

Flavor Version Tinstall Tcheck Ttotal Status Flags
r-devel-linux-x86_64-debian-clang 3.9.2.2 5.17 137.91 143.08 NOTE
r-devel-linux-x86_64-debian-gcc 3.9.2.2 3.81 98.22 102.03 NOTE
r-devel-linux-x86_64-fedora-clang 3.9.2.2 208.24 NOTE
r-devel-linux-x86_64-fedora-gcc 3.9.2.2 171.00 NOTE
r-devel-windows-x86_64 3.9.2.2 122.00 507.00 629.00 NOTE
r-patched-linux-x86_64 3.9.2.2 4.73 134.65 139.38 NOTE
r-release-linux-x86_64 3.9.2.2 5.02 134.23 139.25 NOTE
r-release-macos-arm64 3.9.2.2 97.00 NOTE
r-release-macos-x86_64 3.9.2.2 156.00 NOTE
r-release-windows-x86_64 3.9.2.2 131.00 622.00 753.00 NOTE
r-oldrel-macos-arm64 3.9.2.2 172.00 NOTE
r-oldrel-macos-x86_64 3.9.2.2 174.00 NOTE
r-oldrel-windows-ix86+x86_64 3.9.2.2 15.00 89.00 104.00 NOTE

Check Details

Version: 3.9.2.2
Check: R code for possible problems
Result: NOTE
    Found the following possibly unsafe calls:
    File 'gtools/R/unByteCode.R':
     unlockBinding(name, env = env)
Flavors: r-devel-linux-x86_64-debian-clang, r-devel-linux-x86_64-debian-gcc, r-devel-linux-x86_64-fedora-clang, r-devel-linux-x86_64-fedora-gcc, r-devel-windows-x86_64, r-patched-linux-x86_64, r-release-linux-x86_64, r-release-macos-arm64, r-release-macos-x86_64, r-release-windows-x86_64, r-oldrel-macos-arm64, r-oldrel-macos-x86_64, r-oldrel-windows-ix86+x86_64

Version: 3.9.2.2
Check: Rd files
Result: NOTE
    checkRd: (-1) gtools.Rd:24: Escaped LaTeX specials: \_
Flavors: r-devel-linux-x86_64-debian-clang, r-devel-linux-x86_64-debian-gcc, r-devel-linux-x86_64-fedora-clang, r-devel-linux-x86_64-fedora-gcc, r-devel-windows-x86_64