CRAN Package Check Results for Package gtools

Last updated on 2022-01-24 02:51:02 CET.

Flavor Version Tinstall Tcheck Ttotal Status Flags
r-devel-linux-x86_64-debian-clang 3.9.2 5.10 152.40 157.50 NOTE
r-devel-linux-x86_64-debian-gcc 3.9.2 3.76 106.97 110.73 NOTE
r-devel-linux-x86_64-fedora-clang 3.9.2 175.54 NOTE
r-devel-linux-x86_64-fedora-gcc 3.9.2 162.01 NOTE
r-devel-windows-x86_64-new-UL 3.9.2 55.00 231.00 286.00 NOTE
r-devel-windows-x86_64-new-TK 3.9.2 NOTE
r-patched-linux-x86_64 3.9.2 4.84 52.18 57.02 NOTE
r-release-linux-x86_64 3.9.2 4.53 52.71 57.24 NOTE
r-release-macos-arm64 3.9.2 NOTE
r-release-macos-x86_64 3.9.2 NOTE
r-release-windows-ix86+x86_64 3.9.2 14.00 90.00 104.00 NOTE
r-oldrel-macos-x86_64 3.9.2 NOTE
r-oldrel-windows-ix86+x86_64 3.9.2 15.00 91.00 106.00 NOTE

Check Details

Version: 3.9.2
Check: R code for possible problems
Result: NOTE
    Found the following possibly unsafe calls:
    File 'gtools/R/unByteCode.R':
     unlockBinding(name, env = env)
Flavors: r-devel-linux-x86_64-debian-clang, r-devel-linux-x86_64-debian-gcc, r-devel-linux-x86_64-fedora-clang, r-devel-linux-x86_64-fedora-gcc, r-devel-windows-x86_64-new-UL, r-devel-windows-x86_64-new-TK, r-patched-linux-x86_64, r-release-linux-x86_64, r-release-macos-arm64, r-release-macos-x86_64, r-release-windows-ix86+x86_64, r-oldrel-macos-x86_64, r-oldrel-windows-ix86+x86_64

Version: 3.9.2
Check: package dependencies
Result: NOTE
    Package suggested but not available for checking: 'car'
Flavor: r-devel-windows-x86_64-new-TK

Version: 3.9.2
Check: Rd cross-references
Result: NOTE
    Package unavailable to check Rd xrefs: 'car'
Flavor: r-devel-windows-x86_64-new-TK