CRAN Package Check Results for Package guiplot

Last updated on 2022-10-06 02:49:11 CEST.

Flavor Version Tinstall Tcheck Ttotal Status Flags
r-devel-linux-x86_64-debian-clang 0.2.1 10.65 67.39 78.04 WARN
r-devel-linux-x86_64-debian-gcc 0.2.1 7.58 49.97 57.55 OK
r-devel-linux-x86_64-fedora-clang 0.2.1 106.38 OK
r-devel-linux-x86_64-fedora-gcc 0.2.1 99.07 OK
r-devel-windows-x86_64 0.2.1 22.00 89.00 111.00 OK
r-patched-linux-x86_64 0.2.1 8.80 61.35 70.15 OK
r-release-linux-x86_64 0.2.1 8.44 61.27 69.71 OK
r-release-macos-arm64 0.2.1 30.00 OK
r-release-macos-x86_64 0.2.1 41.00 OK
r-release-windows-x86_64 0.2.1 27.00 90.00 117.00 OK
r-oldrel-macos-arm64 0.2.1 27.00 OK
r-oldrel-macos-x86_64 0.2.1 43.00 OK
r-oldrel-windows-ix86+x86_64 0.2.1 23.00 87.00 110.00 WARN

Check Details

Version: 0.2.1
Check: whether package can be installed
Result: WARN
    Found the following significant warnings:
     Warning: unable to re-encode 'guiplotServer.R' lines 318, 319
Flavors: r-devel-linux-x86_64-debian-clang, r-oldrel-windows-ix86+x86_64