CRAN Package Check Results for Package gunsales

Last updated on 2021-09-23 16:50:26 CEST.

Flavor Version Tinstall Tcheck Ttotal Status Flags
r-devel-linux-x86_64-debian-clang 0.1.2 7.43 89.90 97.33 OK
r-devel-linux-x86_64-debian-gcc 0.1.2 6.40 67.73 74.13 OK
r-devel-linux-x86_64-fedora-clang 0.1.2 132.06 OK
r-devel-linux-x86_64-fedora-gcc 0.1.2 112.09 OK
r-devel-windows-x86_64 0.1.2 10.00 93.00 103.00 OK
r-devel-windows-x86_64-gcc10-UCRT 0.1.2 OK
r-patched-linux-x86_64 0.1.2 7.56 84.64 92.20 OK
r-patched-solaris-x86 0.1.2 5.50 ERROR
r-release-linux-x86_64 0.1.2 8.12 85.22 93.34 OK
r-release-macos-arm64 0.1.2 WARN
r-release-macos-x86_64 0.1.2 OK
r-release-windows-ix86+x86_64 0.1.2 20.00 94.00 114.00 OK
r-oldrel-macos-x86_64 0.1.2 OK
r-oldrel-windows-ix86+x86_64 0.1.2 17.00 94.00 111.00 OK

Check Details

Version: 0.1.2
Check: package dependencies
Result: ERROR
    Packages required but not available: 'seasonal', 'x13binary'
    
    See section ‘The DESCRIPTION file’ in the ‘Writing R Extensions’
    manual.
Flavor: r-patched-solaris-x86

Version: 0.1.2
Check: re-building of vignette outputs
Result: WARN
    Error(s) in re-building vignettes:
     ...
    --- re-building ‘gunsales.Rmd’ using rmarkdown
    Pandoc is required to build R Markdown vignettes but not available. Please make sure it is installed.
    Quitting from lines 33-34 (gunsales.Rmd)
    Error: processing vignette 'gunsales.Rmd' failed with diagnostics:
    Process terminated
    --- failed re-building ‘gunsales.Rmd’
    
    SUMMARY: processing the following file failed:
     ‘gunsales.Rmd’
    
    Error: Vignette re-building failed.
    Execution halted
Flavor: r-release-macos-arm64