CRAN Package Check Results for Package gutenbergr

Last updated on 2020-10-22 17:50:43 CEST.

Flavor Version Tinstall Tcheck Ttotal Status Flags
r-devel-linux-x86_64-debian-clang 0.2.0 7.33 83.03 90.36 OK
r-devel-linux-x86_64-debian-gcc 0.2.0 6.66 59.32 65.98 OK
r-devel-linux-x86_64-fedora-clang 0.2.0 109.61 NOTE
r-devel-linux-x86_64-fedora-gcc 0.2.0 102.28 NOTE
r-devel-windows-ix86+x86_64 0.2.0 16.00 110.00 126.00 OK
r-patched-linux-x86_64 0.2.0 6.78 75.39 82.17 OK
r-patched-solaris-x86 0.2.0 142.90 NOTE
r-release-linux-x86_64 0.2.0 7.60 75.58 83.18 OK
r-release-macos-x86_64 0.2.0 NOTE
r-release-windows-ix86+x86_64 0.2.0 13.00 77.00 90.00 OK
r-oldrel-macos-x86_64 0.2.0 NOTE
r-oldrel-windows-ix86+x86_64 0.2.0 14.00 100.00 114.00 OK

Check Details

Version: 0.2.0
Check: data for non-ASCII characters
Result: NOTE
     Note: found 13617 marked UTF-8 strings
Flavors: r-devel-linux-x86_64-fedora-clang, r-devel-linux-x86_64-fedora-gcc, r-patched-solaris-x86, r-release-macos-x86_64, r-oldrel-macos-x86_64