CRAN Package Check Results for Package gwdegree

Last updated on 2019-05-27 13:49:01 CEST.

Flavor Version Tinstall Tcheck Ttotal Status Flags
r-devel-linux-x86_64-debian-clang 0.1.1 8.86 76.17 85.03 NOTE
r-devel-linux-x86_64-debian-gcc 0.1.1 7.88 60.28 68.16 NOTE
r-devel-linux-x86_64-fedora-clang 0.1.1 99.85 NOTE
r-devel-linux-x86_64-fedora-gcc 0.1.1 96.57 NOTE
r-devel-windows-ix86+x86_64 0.1.1 20.00 128.00 148.00 NOTE
r-patched-linux-x86_64 0.1.1 NOTE
r-patched-solaris-x86 0.1.1 159.40 NOTE
r-release-linux-x86_64 0.1.1 8.62 75.74 84.36 NOTE
r-release-windows-ix86+x86_64 0.1.1 33.00 131.00 164.00 NOTE
r-release-osx-x86_64 0.1.1 OK
r-oldrel-windows-ix86+x86_64 0.1.1 23.00 126.00 149.00 OK
r-oldrel-osx-x86_64 0.1.1 OK

Check Details

Version: 0.1.1
Check: R code for possible problems
Result: NOTE
    simCCCent : <anonymous>: no visible global function definition for
     'simulate.formula'
    Undefined global functions or variables:
     simulate.formula
Flavors: r-devel-linux-x86_64-debian-clang, r-devel-linux-x86_64-debian-gcc, r-devel-linux-x86_64-fedora-clang, r-devel-linux-x86_64-fedora-gcc, r-devel-windows-ix86+x86_64, r-patched-linux-x86_64, r-patched-solaris-x86, r-release-linux-x86_64, r-release-windows-ix86+x86_64