CRAN Package Check Results for Package gwerAM

Last updated on 2021-12-08 16:50:37 CET.

Flavor Version Tinstall Tcheck Ttotal Status Flags
r-devel-linux-x86_64-debian-clang 1.0 5.96 75.82 81.78 NOTE
r-devel-linux-x86_64-debian-gcc 1.0 5.36 58.39 63.75 NOTE
r-devel-linux-x86_64-fedora-clang 1.0 98.68 NOTE
r-devel-linux-x86_64-fedora-gcc 1.0 88.21 NOTE
r-devel-windows-x86_64-new-UL 1.0 11.00 108.00 119.00 NOTE
r-devel-windows-x86_64-new-TK 1.0 NOTE
r-devel-windows-x86_64-old 1.0 10.00 91.00 101.00 NOTE
r-patched-linux-x86_64 1.0 7.03 72.08 79.11 NOTE
r-release-linux-x86_64 1.0 6.79 71.22 78.01 NOTE
r-release-macos-arm64 1.0 NOTE
r-release-macos-x86_64 1.0 NOTE
r-release-windows-ix86+x86_64 1.0 10.00 85.00 95.00 NOTE
r-oldrel-macos-x86_64 1.0 NOTE
r-oldrel-windows-ix86+x86_64 1.0 16.00 86.00 102.00 NOTE

Check Details

Version: 1.0
Check: top-level files
Result: NOTE
    Non-standard file/directory found at top level:
     'TITEL'
Flavors: r-devel-linux-x86_64-debian-clang, r-devel-linux-x86_64-debian-gcc, r-devel-linux-x86_64-fedora-clang, r-devel-linux-x86_64-fedora-gcc, r-patched-linux-x86_64, r-release-linux-x86_64

Version: 1.0
Check: R code for possible problems
Result: NOTE
    calculate.threshold: no visible global function definition for 'pchisq'
    gwerAM: no visible global function definition for 'rnorm'
    gwerAM: no visible binding for global variable 'quantile'
    Undefined global functions or variables:
     pchisq quantile rnorm
    Consider adding
     importFrom("stats", "pchisq", "quantile", "rnorm")
    to your NAMESPACE file.
Flavors: r-devel-linux-x86_64-debian-clang, r-devel-linux-x86_64-debian-gcc, r-devel-linux-x86_64-fedora-clang, r-devel-linux-x86_64-fedora-gcc, r-devel-windows-x86_64-new-UL, r-devel-windows-x86_64-new-TK, r-devel-windows-x86_64-old, r-patched-linux-x86_64, r-release-linux-x86_64, r-release-macos-arm64, r-release-macos-x86_64, r-release-windows-ix86+x86_64, r-oldrel-macos-x86_64, r-oldrel-windows-ix86+x86_64