CRAN Package Check Results for Package gwfa

Last updated on 2022-06-29 12:54:30 CEST.

Flavor Version Tinstall Tcheck Ttotal Status Flags
r-devel-linux-x86_64-debian-clang 0.0.4 22.38 41.56 63.94 OK
r-devel-linux-x86_64-debian-gcc 0.0.4 18.83 33.36 52.19 OK
r-devel-linux-x86_64-fedora-clang 0.0.4 95.98 NOTE
r-devel-linux-x86_64-fedora-gcc 0.0.4 91.70 NOTE
r-devel-windows-x86_64 0.0.4 29.00 82.00 111.00 OK
r-patched-linux-x86_64 0.0.4 20.14 42.12 62.26 OK
r-release-linux-x86_64 0.0.4 20.09 40.57 60.66 OK
r-release-macos-arm64 0.0.4 29.00 OK
r-release-macos-x86_64 0.0.4 37.00 OK
r-release-windows-x86_64 0.0.4 26.00 84.00 110.00 OK
r-oldrel-macos-arm64 0.0.4 31.00 OK
r-oldrel-macos-x86_64 0.0.4 48.00 OK
r-oldrel-windows-ix86+x86_64 0.0.4 54.00 92.00 146.00 OK

Check Details

Version: 0.0.4
Check: compiled code
Result: NOTE
    File ‘gwfa/libs/gwfa.so’:
     Found no calls to: ‘R_registerRoutines’, ‘R_useDynamicSymbols’
    
    It is good practice to register native routines and to disable symbol
    search.
    
    See ‘Writing portable packages’ in the ‘Writing R Extensions’ manual.
Flavors: r-devel-linux-x86_64-fedora-clang, r-devel-linux-x86_64-fedora-gcc