CRAN Package Check Results for Package gwrr

Last updated on 2021-09-25 14:49:24 CEST.

Flavor Version Tinstall Tcheck Ttotal Status Flags
r-devel-linux-x86_64-debian-clang 0.2-1 6.59 75.61 82.20 NOTE
r-devel-linux-x86_64-debian-gcc 0.2-1 6.05 56.21 62.26 NOTE
r-devel-linux-x86_64-fedora-clang 0.2-1 105.57 NOTE
r-devel-linux-x86_64-fedora-gcc 0.2-1 91.17 NOTE
r-devel-windows-x86_64 0.2-1 9.00 68.00 77.00 NOTE
r-devel-windows-x86_64-gcc10-UCRT 0.2-1 NOTE
r-patched-linux-x86_64 0.2-1 6.85 69.14 75.99 NOTE
r-patched-solaris-x86 0.2-1 132.80 NOTE
r-release-linux-x86_64 0.2-1 4.72 69.08 73.80 NOTE
r-release-macos-arm64 0.2-1 NOTE
r-release-macos-x86_64 0.2-1 NOTE
r-release-windows-ix86+x86_64 0.2-1 18.00 69.00 87.00 NOTE
r-oldrel-macos-x86_64 0.2-1 NOTE
r-oldrel-windows-ix86+x86_64 0.2-1 12.00 66.00 78.00 NOTE

Check Details

Version: 0.2-1
Check: dependencies in R code
Result: NOTE
    'library' or 'require' calls to packages already attached by Depends:
     'fields' 'lars'
     Please remove these calls from your code.
    Package in Depends field not imported from: 'lars'
     These packages need to be imported from (in the NAMESPACE file)
     for when this namespace is loaded but not attached.
Flavors: r-devel-linux-x86_64-debian-clang, r-devel-linux-x86_64-debian-gcc, r-devel-linux-x86_64-fedora-clang, r-devel-linux-x86_64-fedora-gcc, r-devel-windows-x86_64, r-devel-windows-x86_64-gcc10-UCRT, r-patched-linux-x86_64, r-patched-solaris-x86, r-release-linux-x86_64, r-release-macos-arm64, r-release-macos-x86_64, r-release-windows-ix86+x86_64, r-oldrel-macos-x86_64, r-oldrel-windows-ix86+x86_64

Version: 0.2-1
Check: R code for possible problems
Result: NOTE
    gwl.beta: no visible global function definition for 'lars'
    gwl.cv.err: no visible global function definition for 'lars'
    gwl.est: no visible global function definition for 'lm'
    gwr.bw.est: no visible global function definition for 'lm'
    gwr.est: no visible global function definition for 'lm'
    gwr.rsquare: no visible global function definition for 'cor'
    gwrr.est: no visible global function definition for 'lm'
    Undefined global functions or variables:
     cor lars lm
    Consider adding
     importFrom("stats", "cor", "lm")
    to your NAMESPACE file.
Flavors: r-devel-linux-x86_64-debian-clang, r-devel-linux-x86_64-debian-gcc, r-devel-linux-x86_64-fedora-clang, r-devel-linux-x86_64-fedora-gcc, r-devel-windows-x86_64, r-devel-windows-x86_64-gcc10-UCRT, r-patched-linux-x86_64, r-patched-solaris-x86, r-release-linux-x86_64, r-release-macos-arm64, r-release-macos-x86_64, r-release-windows-ix86+x86_64, r-oldrel-macos-x86_64, r-oldrel-windows-ix86+x86_64