Last updated on 2023-03-27 03:53:43 CEST.
Flavor | Version | Tinstall | Tcheck | Ttotal | Status | Flags |
---|---|---|---|---|---|---|
r-devel-linux-x86_64-debian-clang | 1.1.1 | 32.62 | 117.45 | 150.07 | NOTE | |
r-devel-linux-x86_64-debian-gcc | 1.1.1 | 22.20 | 87.73 | 109.93 | NOTE | |
r-devel-linux-x86_64-fedora-clang | 1.1.1 | 192.43 | NOTE | |||
r-devel-linux-x86_64-fedora-gcc | 1.1.1 | 191.43 | NOTE | |||
r-patched-linux-x86_64 | 1.1.1 | 27.23 | 112.00 | 139.23 | NOTE | |
r-release-linux-x86_64 | 1.1.1 | 21.09 | 110.02 | 131.11 | OK | |
r-release-macos-arm64 | 1.1.1 | 52.00 | OK | |||
r-release-macos-x86_64 | 1.1.1 | 70.00 | OK | |||
r-release-windows-x86_64 | 1.1.1 | 38.00 | 166.00 | 204.00 | OK | |
r-oldrel-macos-arm64 | 1.1.1 | 45.00 | OK | |||
r-oldrel-macos-x86_64 | 1.1.1 | 64.00 | OK | |||
r-oldrel-windows-ix86+x86_64 | 1.1.1 | 72.00 | 208.00 | 280.00 | NOTE |
Version: 1.1.1
Check: C++ specification
Result: NOTE
Specified C++11: please drop specification unless essential
Flavors: r-devel-linux-x86_64-debian-clang, r-devel-linux-x86_64-debian-gcc, r-devel-linux-x86_64-fedora-clang, r-devel-linux-x86_64-fedora-gcc, r-patched-linux-x86_64
Version: 1.1.1
Check: R code for possible problems
Result: NOTE
Initiating curl with CURL_SSL_BACKEND: openssl
Flavor: r-oldrel-windows-ix86+x86_64