Last updated on 2023-03-29 20:54:35 CEST.
Flavor | Version | Tinstall | Tcheck | Ttotal | Status | Flags |
---|---|---|---|---|---|---|
r-devel-linux-x86_64-debian-clang | 3.40.0.1 | 36.74 | 202.64 | 239.38 | OK | |
r-devel-linux-x86_64-debian-gcc | 3.40.0.1 | 27.48 | 148.24 | 175.72 | OK | |
r-devel-linux-x86_64-fedora-clang | 3.40.0.1 | 293.57 | NOTE | |||
r-devel-linux-x86_64-fedora-gcc | 3.40.0.1 | 295.80 | OK | |||
r-devel-windows-x86_64 | 3.40.0.1 | 355.00 | 0.00 | 355.00 | NOTE | |
r-patched-linux-x86_64 | 3.40.0.1 | 41.11 | 193.40 | 234.51 | OK | |
r-release-linux-x86_64 | 3.40.0.1 | 35.28 | 171.31 | 206.59 | OK | |
r-release-macos-arm64 | 3.40.0.1 | 169.00 | NOTE | |||
r-release-macos-x86_64 | 3.40.0.1 | 162.00 | NOTE | |||
r-release-windows-x86_64 | 3.40.0.1 | 271.00 | 250.00 | 521.00 | NOTE | |
r-oldrel-macos-arm64 | 3.40.0.1 | 122.00 | NOTE | |||
r-oldrel-macos-x86_64 | 3.40.0.1 | 166.00 | NOTE | |||
r-oldrel-windows-ix86+x86_64 | 3.40.0.1 | 86.00 | 233.00 | 319.00 | NOTE |
Version: 3.40.0.1
Check: installed package size
Result: NOTE
installed size is 182.8Mb
sub-directories of 1Mb or more:
R 1.5Mb
java 179.7Mb
Flavors: r-devel-linux-x86_64-fedora-clang, r-devel-windows-x86_64, r-release-macos-arm64, r-release-macos-x86_64, r-release-windows-x86_64, r-oldrel-macos-arm64, r-oldrel-macos-x86_64, r-oldrel-windows-ix86+x86_64
Version: 3.40.0.1
Check: dependencies in R code
Result: NOTE
Initiating curl with CURL_SSL_BACKEND: openssl
Flavor: r-oldrel-windows-ix86+x86_64