CRAN Package Check Results for Package h2o

Last updated on 2019-08-18 00:46:13 CEST.

Flavor Version Tinstall Tcheck Ttotal Status Flags
r-devel-linux-x86_64-debian-clang 3.26.0.2 19.41 90.99 110.40 OK
r-devel-linux-x86_64-debian-gcc 3.26.0.2 17.58 70.62 88.20 OK
r-devel-linux-x86_64-fedora-clang 3.26.0.2 131.84 NOTE
r-devel-linux-x86_64-fedora-gcc 3.26.0.2 127.06 OK
r-devel-windows-ix86+x86_64 3.26.0.2 167.00 153.00 320.00 NOTE
r-patched-linux-x86_64 3.26.0.2 18.28 90.49 108.77 OK
r-patched-solaris-x86 3.26.0.2 167.30 NOTE
r-release-linux-x86_64 3.26.0.2 17.33 90.76 108.09 OK
r-release-windows-ix86+x86_64 3.26.0.2 164.00 149.00 313.00 NOTE
r-release-osx-x86_64 3.26.0.2 NOTE
r-oldrel-windows-ix86+x86_64 3.26.0.2 168.00 140.00 308.00 NOTE
r-oldrel-osx-x86_64 3.26.0.2 NOTE

Check Details

Version: 3.26.0.2
Check: installed package size
Result: NOTE
     installed size is 127.0Mb
     sub-directories of 1Mb or more:
     java 125.0Mb
Flavors: r-devel-linux-x86_64-fedora-clang, r-devel-windows-ix86+x86_64, r-patched-solaris-x86, r-release-windows-ix86+x86_64, r-release-osx-x86_64, r-oldrel-windows-ix86+x86_64, r-oldrel-osx-x86_64