CRAN Package Check Results for Package h2o

Last updated on 2020-12-03 14:46:47 CET.

Flavor Version Tinstall Tcheck Ttotal Status Flags
r-devel-linux-x86_64-debian-clang 3.32.0.1 29.79 139.70 169.49 OK
r-devel-linux-x86_64-debian-gcc 3.32.0.1 25.08 106.95 132.03 OK
r-devel-linux-x86_64-fedora-clang 3.32.0.1 207.26 NOTE
r-devel-linux-x86_64-fedora-gcc 3.32.0.1 206.39 OK
r-devel-windows-ix86+x86_64 3.32.0.1 76.00 143.00 219.00 NOTE
r-patched-linux-x86_64 3.32.0.1 3.77 8.08 11.85 ERROR
r-patched-solaris-x86 3.32.0.1 229.70 NOTE
r-release-linux-x86_64 3.32.0.1 26.62 130.27 156.89 OK
r-release-macos-x86_64 3.32.0.1 NOTE
r-release-windows-ix86+x86_64 3.32.0.1 58.00 133.00 191.00 NOTE
r-oldrel-macos-x86_64 3.32.0.1 NOTE
r-oldrel-windows-ix86+x86_64 3.32.0.1 58.00 168.00 226.00 NOTE

Check Details

Version: 3.32.0.1
Check: installed package size
Result: NOTE
     installed size is 168.6Mb
     sub-directories of 1Mb or more:
     R 1.2Mb
     java 166.1Mb
Flavors: r-devel-linux-x86_64-fedora-clang, r-devel-windows-ix86+x86_64, r-patched-solaris-x86, r-release-macos-x86_64, r-release-windows-ix86+x86_64, r-oldrel-macos-x86_64, r-oldrel-windows-ix86+x86_64

Version: 3.32.0.1
Check: whether package can be installed
Result: ERROR
    Installation failed.
Flavor: r-patched-linux-x86_64