CRAN Package Check Results for Package h2o4gpu

Last updated on 2018-05-25 06:48:57 CEST.

Flavor Version Tinstall Tcheck Ttotal Status Flags
r-devel-linux-x86_64-debian-clang 0.2.0 4.61 59.53 64.14 OK
r-devel-linux-x86_64-debian-gcc 0.2.0 3.76 52.10 55.86 OK
r-devel-linux-x86_64-fedora-clang 0.2.0 86.05 OK
r-devel-linux-x86_64-fedora-gcc 0.2.0 82.66 OK
r-devel-windows-ix86+x86_64 0.2.0 10.00 104.00 114.00 OK
r-patched-linux-x86_64 0.2.0 3.37 54.54 57.91 OK
r-patched-solaris-x86 0.2.0 124.50 WARN
r-release-linux-x86_64 0.2.0 4.13 54.25 58.38 OK
r-release-windows-ix86+x86_64 0.2.0 10.00 61.00 71.00 OK
r-release-osx-x86_64 0.2.0 OK
r-oldrel-windows-ix86+x86_64 0.2.0 9.00 72.00 81.00 OK
r-oldrel-osx-x86_64 0.2.0 OK

Check Details

Version: 0.2.0
Check: re-building of vignette outputs
Result: WARN
    Error in re-building vignettes:
     ...
    Warning in engine$weave(file, quiet = quiet, encoding = enc) :
     The vignette engine knitr::rmarkdown is not available, because the rmarkdown package is not installed. Please install it.
    Error: processing vignette 'getting_started.Rmd' failed with diagnostics:
    invalid multibyte string at '<f0><9f><8c><9f> the repo on GitHub! </li>
    <li>If you&#39;re looking to contribute, check out the <a href="https://github.com/h2oai/h2o4gpu/blob/master/CONTRIBUTING.md">CONTRIBUTING.md</a> file.</li>
    <li>All open issues that are specific to the R package are <a href="https://github.com/h2oai/h2o4gpu/labels/R">here</a>.</li>
    <li>All open issues are <a href="https://github.com/h2oai/h2o4gpu/issues?utf8=%E2%9C%93&amp;q=is%3Aopen">here</a>.</li>
    </ul>
    
    <h2>Installation</h2>
    
    <p>The Python package is a prerequisite for the R package. So first, follow the instructions <a href="https://github.com/h2oai/h2o4gpu#installation">here</a> to install the <strong>h2o4gpu</strong> Python package (either at the system level or in a Python virtual envivonment). The easiest thing to do is to <code>pip install</code> either the stable or bleeding edge <code>whl</code> file. To ensure compatibility, the Python pa
    Execution halted
Flavor: r-patched-solaris-x86