CRAN Package Check Results for Package h2o4gpu

Last updated on 2018-10-20 10:48:44 CEST.

Flavor Version Tinstall Tcheck Ttotal Status Flags
r-devel-linux-x86_64-debian-clang 0.2.0 3.90 68.94 72.84 OK
r-devel-linux-x86_64-debian-gcc 0.2.0 4.63 56.80 61.43 OK
r-devel-linux-x86_64-fedora-clang 0.2.0 89.06 OK
r-devel-linux-x86_64-fedora-gcc 0.2.0 88.50 OK
r-devel-windows-ix86+x86_64 0.2.0 12.00 102.00 114.00 OK
r-patched-linux-x86_64 0.2.0 4.36 56.64 61.00 OK
r-patched-solaris-x86 0.2.0 118.60 WARN
r-release-linux-x86_64 0.2.0 4.80 56.47 61.27 OK
r-release-windows-ix86+x86_64 0.2.0 11.00 96.00 107.00 OK
r-release-osx-x86_64 0.2.0 OK
r-oldrel-windows-ix86+x86_64 0.2.0 8.00 94.00 102.00 OK
r-oldrel-osx-x86_64 0.2.0 OK

Check Details

Version: 0.2.0
Check: re-building of vignette outputs
Result: WARN
    Error in re-building vignettes:
     ...
    Warning in engine$weave(file, quiet = quiet, encoding = enc) :
     The vignette engine knitr::rmarkdown is not available, because the rmarkdown package is not installed. Please install it.
    Error: processing vignette 'getting_started.Rmd' failed with diagnostics:
    invalid multibyte string at '<f0><9f><8c><9f> the repo on GitHub! </li>
    <li>If you&#39;re looking to contribute, check out the <a href="https://github.com/h2oai/h2o4gpu/blob/master/CONTRIBUTING.md">CONTRIBUTING.md</a> file.</li>
    <li>All open issues that are specific to the R package are <a href="https://github.com/h2oai/h2o4gpu/labels/R">here</a>.</li>
    <li>All open issues are <a href="https://github.com/h2oai/h2o4gpu/issues?utf8=%E2%9C%93&amp;q=is%3Aopen">here</a>.</li>
    </ul>
    
    <h2>Installation</h2>
    
    <p>The Python package is a prerequisite for the R package. So first, follow the instructions <a href="https://github.com/h2oai/h2o4gpu#installation">here</a> to install the <strong>h2o4gpu</strong> Python package (either at the system level or in a Python virtual envivonment). The easiest thing to do is to <code>pip install</code> either the stable or bleeding edge <code>whl</code> file. To ensure compatibility, the Python pa
    Execution halted
Flavor: r-patched-solaris-x86