CRAN Package Check Results for Package hBayesDM

Last updated on 2021-11-28 14:50:02 CET.

Flavor Version Tinstall Tcheck Ttotal Status Flags
r-devel-linux-x86_64-debian-clang 1.1.1 NOTE
r-devel-linux-x86_64-debian-gcc 1.1.1 31.13 127.84 158.97 NOTE
r-devel-linux-x86_64-fedora-clang 1.1.1 265.77 NOTE
r-devel-linux-x86_64-fedora-gcc 1.1.1 252.86 NOTE
r-devel-windows-x86_64-new-UL 1.1.1 78.00 226.00 304.00 NOTE
r-devel-windows-x86_64-new-TK 1.1.1 NOTE
r-devel-windows-x86_64-old 1.1.1 52.00 214.00 266.00 NOTE
r-patched-linux-x86_64 1.1.1 41.51 165.47 206.98 NOTE
r-patched-solaris-x86 1.1.1 370.40 NOTE
r-release-linux-x86_64 1.1.1 30.33 167.22 197.55 NOTE
r-release-macos-arm64 1.1.1 NOTE
r-release-macos-x86_64 1.1.1 NOTE
r-release-windows-ix86+x86_64 1.1.1 72.00 178.00 250.00 NOTE
r-oldrel-macos-x86_64 1.1.1 NOTE
r-oldrel-windows-ix86+x86_64 1.1.1 73.00 253.00 326.00 NOTE

Check Details

Version: 1.1.1
Check: for GNU extensions in Makefiles
Result: NOTE
    GNU make is a SystemRequirements.
Flavors: r-devel-linux-x86_64-debian-clang, r-devel-linux-x86_64-debian-gcc, r-devel-linux-x86_64-fedora-clang, r-devel-linux-x86_64-fedora-gcc, r-devel-windows-x86_64-new-UL, r-devel-windows-x86_64-new-TK, r-devel-windows-x86_64-old, r-patched-linux-x86_64, r-patched-solaris-x86, r-release-linux-x86_64, r-release-macos-arm64, r-release-macos-x86_64, r-release-windows-ix86+x86_64, r-oldrel-macos-x86_64, r-oldrel-windows-ix86+x86_64

Version: 1.1.1
Check: installed package size
Result: NOTE
     installed size is 5.3Mb
     sub-directories of 1Mb or more:
     R 3.1Mb
     extdata 1.2Mb
Flavor: r-release-macos-arm64