CRAN Package Check Results for Package hNMF

Last updated on 2022-01-26 15:52:51 CET.

Flavor Version Tinstall Tcheck Ttotal Status Flags
r-devel-linux-x86_64-debian-clang 1.0 8.85 113.13 121.98 NOTE
r-devel-linux-x86_64-debian-gcc 1.0 8.15 83.19 91.34 NOTE
r-devel-linux-x86_64-fedora-clang 1.0 139.60 NOTE
r-devel-linux-x86_64-fedora-gcc 1.0 133.12 NOTE
r-devel-windows-x86_64-new-UL 1.0 33.00 118.00 151.00 NOTE
r-devel-windows-x86_64-new-TK 1.0 NOTE
r-patched-linux-x86_64 1.0 8.18 98.37 106.55 NOTE
r-release-linux-x86_64 1.0 7.32 99.96 107.28 NOTE
r-release-macos-arm64 1.0 NOTE
r-release-macos-x86_64 1.0 NOTE
r-release-windows-ix86+x86_64 1.0 24.00 116.00 140.00 NOTE
r-oldrel-macos-x86_64 1.0 OK
r-oldrel-windows-ix86+x86_64 1.0 25.00 115.00 140.00 OK

Check Details

Version: 1.0
Check: LazyData
Result: NOTE
     'LazyData' is specified without a 'data' directory
Flavors: r-devel-linux-x86_64-debian-clang, r-devel-linux-x86_64-debian-gcc, r-devel-linux-x86_64-fedora-clang, r-devel-linux-x86_64-fedora-gcc, r-devel-windows-x86_64-new-UL, r-devel-windows-x86_64-new-TK, r-patched-linux-x86_64, r-release-linux-x86_64, r-release-macos-arm64, r-release-macos-x86_64, r-release-windows-ix86+x86_64