CRAN Package Check Results for Package hR

Last updated on 2018-06-21 15:49:11 CEST.

Flavor Version Tinstall Tcheck Ttotal Status Flags
r-devel-linux-x86_64-debian-clang 0.1.3 4.30 41.73 46.03 OK
r-devel-linux-x86_64-debian-gcc 0.1.3 3.35 37.13 40.48 OK
r-devel-linux-x86_64-fedora-clang 0.1.3 59.85 OK
r-devel-linux-x86_64-fedora-gcc 0.1.3 56.36 OK
r-devel-windows-ix86+x86_64 0.1.3 4.00 5.00 9.00 ERROR
r-patched-linux-x86_64 0.1.3 3.59 42.34 45.93 OK
r-patched-solaris-x86 0.1.3 86.90 OK
r-release-linux-x86_64 0.1.3 3.54 41.51 45.05 OK
r-release-windows-ix86+x86_64 0.1.3 7.00 58.00 65.00 OK
r-release-osx-x86_64 0.1.3 OK
r-oldrel-windows-ix86+x86_64 0.1.3 4.00 4.00 8.00 ERROR
r-oldrel-osx-x86_64 0.1.3 OK

Check Details

Version: 0.1.3
Check: whether package can be installed
Result: ERROR
    Installation failed.
Flavors: r-devel-windows-ix86+x86_64, r-oldrel-windows-ix86+x86_64