CRAN Package Check Results for Package hackeRnews

Last updated on 2022-05-18 05:53:24 CEST.

Flavor Version Tinstall Tcheck Ttotal Status Flags
r-devel-linux-x86_64-debian-clang 0.1.0 2.73 45.80 48.53 NOTE
r-devel-linux-x86_64-debian-gcc 0.1.0 2.15 45.86 48.01 NOTE
r-devel-linux-x86_64-fedora-clang 0.1.0 61.95 NOTE
r-devel-linux-x86_64-fedora-gcc 0.1.0 56.23 NOTE
r-devel-windows-x86_64 0.1.0 84.00 74.00 158.00 NOTE
r-patched-linux-x86_64 0.1.0 3.21 42.09 45.30 NOTE
r-release-linux-x86_64 0.1.0 1.75 44.33 46.08 NOTE
r-release-macos-arm64 0.1.0 38.00 NOTE
r-release-macos-x86_64 0.1.0 161.00 NOTE
r-release-windows-x86_64 0.1.0 54.00 80.00 134.00 NOTE
r-oldrel-macos-arm64 0.1.0 38.00 NOTE
r-oldrel-macos-x86_64 0.1.0 50.00 NOTE
r-oldrel-windows-ix86+x86_64 0.1.0 7.00 67.00 74.00 NOTE

Check Details

Version: 0.1.0
Check: LazyData
Result: NOTE
     'LazyData' is specified without a 'data' directory
Flavors: r-devel-linux-x86_64-debian-clang, r-devel-linux-x86_64-debian-gcc, r-devel-linux-x86_64-fedora-clang, r-devel-linux-x86_64-fedora-gcc, r-devel-windows-x86_64, r-patched-linux-x86_64, r-release-linux-x86_64, r-release-macos-arm64, r-release-macos-x86_64, r-release-windows-x86_64, r-oldrel-macos-arm64, r-oldrel-macos-x86_64, r-oldrel-windows-ix86+x86_64