CRAN Package Check Results for Package hacksaw

Last updated on 2024-07-15 07:49:01 CEST.

Flavor Version Tinstall Tcheck Ttotal Status Flags
r-devel-linux-x86_64-debian-clang 0.0.2 1.46 28.07 29.53 NOTE
r-devel-linux-x86_64-debian-gcc 0.0.2 1.86 21.47 23.33 NOTE
r-devel-linux-x86_64-fedora-clang 0.0.2 38.84 NOTE
r-devel-linux-x86_64-fedora-gcc 0.0.2 36.31 NOTE
r-devel-windows-x86_64 0.0.2 4.00 44.00 48.00 NOTE
r-patched-linux-x86_64 0.0.2 2.56 26.72 29.28 NOTE
r-release-linux-x86_64 0.0.2 2.31 27.02 29.33 NOTE
r-release-macos-arm64 0.0.2 17.00 NOTE
r-release-macos-x86_64 0.0.2 24.00 NOTE
r-release-windows-x86_64 0.0.2 4.00 44.00 48.00 NOTE
r-oldrel-macos-arm64 0.0.2 19.00 NOTE
r-oldrel-macos-x86_64 0.0.2 24.00 NOTE
r-oldrel-windows-x86_64 0.0.2 4.00 47.00 51.00 NOTE

Check Details

Version: 0.0.2
Check: LazyData
Result: NOTE 'LazyData' is specified without a 'data' directory Flavors: r-devel-linux-x86_64-debian-clang, r-devel-linux-x86_64-debian-gcc, r-devel-linux-x86_64-fedora-clang, r-devel-linux-x86_64-fedora-gcc, r-devel-windows-x86_64, r-patched-linux-x86_64, r-release-linux-x86_64, r-release-macos-arm64, r-release-macos-x86_64, r-release-windows-x86_64, r-oldrel-macos-arm64, r-oldrel-macos-x86_64, r-oldrel-windows-x86_64