CRAN Package Check Results for Package hansard

Last updated on 2021-09-24 20:48:47 CEST.

Flavor Version Tinstall Tcheck Ttotal Status Flags
r-devel-linux-x86_64-debian-clang 0.8.0 9.90 114.88 124.78 OK
r-devel-linux-x86_64-debian-gcc 0.8.0 8.62 84.74 93.36 OK
r-devel-linux-x86_64-fedora-clang 0.8.0 156.16 NOTE
r-devel-linux-x86_64-fedora-gcc 0.8.0 144.46 OK
r-devel-windows-x86_64 0.8.0 11.00 107.00 118.00 OK
r-devel-windows-x86_64-gcc10-UCRT 0.8.0 OK
r-patched-linux-x86_64 0.8.0 10.97 106.40 117.37 OK
r-patched-solaris-x86 0.8.0 192.00 OK
r-release-linux-x86_64 0.8.0 7.67 105.58 113.25 OK
r-release-macos-arm64 0.8.0 OK
r-release-macos-x86_64 0.8.0 OK
r-release-windows-ix86+x86_64 0.8.0 22.00 105.00 127.00 OK
r-oldrel-macos-x86_64 0.8.0 OK
r-oldrel-windows-ix86+x86_64 0.8.0 17.00 102.00 119.00 OK

Check Details

Version: 0.8.0
Check: Rd cross-references
Result: NOTE
    Undeclared package ‘mnis’ in Rd xrefs
Flavor: r-devel-linux-x86_64-fedora-clang