CRAN Package Check Results for Package hansard

Last updated on 2021-01-18 21:49:16 CET.

Flavor Version Tinstall Tcheck Ttotal Status Flags
r-devel-linux-x86_64-debian-clang 0.8.0 9.69 110.54 120.23 OK
r-devel-linux-x86_64-debian-gcc 0.8.0 7.42 81.89 89.31 OK
r-devel-linux-x86_64-fedora-clang 0.8.0 149.96 NOTE
r-devel-linux-x86_64-fedora-gcc 0.8.0 140.88 OK
r-devel-windows-ix86+x86_64 0.8.0 15.00 112.00 127.00 OK
r-patched-linux-x86_64 0.8.0 8.79 100.78 109.57 OK
r-patched-solaris-x86 0.8.0 182.50 OK
r-release-linux-x86_64 0.8.0 8.89 100.57 109.46 OK
r-release-macos-x86_64 0.8.0 OK
r-release-windows-ix86+x86_64 0.8.0 17.00 102.00 119.00 OK
r-oldrel-macos-x86_64 0.8.0 OK
r-oldrel-windows-ix86+x86_64 0.8.0 13.00 93.00 106.00 OK

Check Details

Version: 0.8.0
Check: Rd cross-references
Result: NOTE
    Undeclared package ‘mnis’ in Rd xrefs
Flavor: r-devel-linux-x86_64-fedora-clang