Last updated on 2023-09-26 08:04:14 CEST.
Flavor | Version | Tinstall | Tcheck | Ttotal | Status | Flags |
---|---|---|---|---|---|---|
r-devel-linux-x86_64-debian-clang | 0.8.0 | 12.36 | 128.02 | 140.38 | OK | |
r-devel-linux-x86_64-debian-gcc | 0.8.0 | 8.89 | 91.82 | 100.71 | OK | |
r-devel-linux-x86_64-fedora-clang | 0.8.0 | 167.72 | NOTE | |||
r-devel-linux-x86_64-fedora-gcc | 0.8.0 | 173.65 | OK | |||
r-devel-windows-x86_64 | 0.8.0 | 11.00 | 112.00 | 123.00 | OK | |
r-patched-linux-x86_64 | 0.8.0 | 8.26 | 104.51 | 112.77 | OK | |
r-release-linux-x86_64 | 0.8.0 | 7.70 | 116.98 | 124.68 | OK | |
r-release-macos-arm64 | 0.8.0 | 52.00 | OK | |||
r-release-macos-x86_64 | 0.8.0 | 90.00 | OK | |||
r-release-windows-x86_64 | 0.8.0 | 14.00 | 132.00 | 146.00 | OK | |
r-oldrel-macos-arm64 | 0.8.0 | 44.00 | OK | |||
r-oldrel-macos-x86_64 | 0.8.0 | 90.00 | OK | |||
r-oldrel-windows-x86_64 | 0.8.0 | 13.00 | 127.00 | 140.00 | OK |
Version: 0.8.0
Check: Rd cross-references
Result: NOTE
Undeclared package ‘mnis’ in Rd xrefs
Flavor: r-devel-linux-x86_64-fedora-clang