Last updated on 2023-06-04 07:55:41 CEST.
Flavor | Version | Tinstall | Tcheck | Ttotal | Status | Flags |
---|---|---|---|---|---|---|
r-devel-linux-x86_64-debian-clang | 0.1.9 | 29.35 | 296.45 | 325.80 | OK | |
r-devel-linux-x86_64-debian-gcc | 0.1.9 | 22.51 | 215.11 | 237.62 | OK | |
r-devel-linux-x86_64-fedora-clang | 0.1.9 | 410.63 | NOTE | |||
r-devel-linux-x86_64-fedora-gcc | 0.1.9 | 416.54 | NOTE | |||
r-devel-windows-x86_64 | 0.1.9 | 23.00 | 184.00 | 207.00 | OK | |
r-patched-linux-x86_64 | 0.1.9 | 24.81 | 272.74 | 297.55 | OK | |
r-release-linux-x86_64 | 0.1.9 | 25.64 | 274.61 | 300.25 | OK | |
r-release-macos-arm64 | 0.1.9 | 89.00 | OK | |||
r-release-macos-x86_64 | 0.1.9 | 190.00 | OK | |||
r-release-windows-x86_64 | 0.1.9 | 32.00 | 250.00 | 282.00 | OK | |
r-oldrel-macos-arm64 | 0.1.9 | 84.00 | OK | |||
r-oldrel-macos-x86_64 | 0.1.9 | 121.00 | OK | |||
r-oldrel-windows-x86_64 | 0.1.9 | 31.00 | 234.00 | 265.00 | OK |
Version: 0.1.9
Check: data for non-ASCII characters
Result: NOTE
Note: found 8248 marked UTF-8 strings
Flavors: r-devel-linux-x86_64-fedora-clang, r-devel-linux-x86_64-fedora-gcc