CRAN Package Check Results for Package hash

Last updated on 2022-12-01 12:58:01 CET.

Flavor Version Tinstall Tcheck Ttotal Status Flags
r-devel-linux-x86_64-debian-clang 2.2.6.2 3.41 41.21 44.62 NOTE
r-devel-linux-x86_64-debian-gcc 2.2.6.2 2.44 31.37 33.81 NOTE
r-devel-linux-x86_64-fedora-clang 2.2.6.2 66.50 NOTE
r-devel-linux-x86_64-fedora-gcc 2.2.6.2 67.11 NOTE
r-devel-windows-x86_64 2.2.6.2 26.00 71.00 97.00 NOTE
r-patched-linux-x86_64 2.2.6.2 4.08 38.47 42.55 OK
r-release-linux-x86_64 2.2.6.2 3.44 38.86 42.30 OK
r-release-macos-arm64 2.2.6.2 20.00 OK
r-release-macos-x86_64 2.2.6.2 28.00 OK
r-release-windows-x86_64 2.2.6.2 26.00 75.00 101.00 OK
r-oldrel-macos-arm64 2.2.6.2 20.00 OK
r-oldrel-macos-x86_64 2.2.6.2 30.00 OK
r-oldrel-windows-ix86+x86_64 2.2.6.2 9.00 69.00 78.00 OK

Check Details

Version: 2.2.6.2
Check: Rd files
Result: NOTE
    checkRd: (-1) hash-accessors.Rd:46: Escaped LaTeX specials: \$
    checkRd: (-1) hash-class.Rd:44: Escaped LaTeX specials: \$
    checkRd: (-1) hash-class.Rd:45: Escaped LaTeX specials: \$
    checkRd: (-1) hash-package.Rd:39: Escaped LaTeX specials: \#
Flavors: r-devel-linux-x86_64-debian-clang, r-devel-linux-x86_64-debian-gcc, r-devel-linux-x86_64-fedora-clang, r-devel-linux-x86_64-fedora-gcc, r-devel-windows-x86_64