CRAN Package Check Results for Package hashids

Last updated on 2023-09-23 08:10:57 CEST.

Flavor Version Tinstall Tcheck Ttotal Status Flags
r-devel-linux-x86_64-debian-clang 0.9.0 2.36 23.74 26.10 NOTE
r-devel-linux-x86_64-debian-gcc 0.9.0 1.79 18.48 20.27 NOTE
r-devel-linux-x86_64-fedora-clang 0.9.0 32.72 NOTE
r-devel-linux-x86_64-fedora-gcc 0.9.0 31.76 NOTE
r-devel-windows-x86_64 0.9.0 2.00 41.00 43.00 NOTE
r-patched-linux-x86_64 0.9.0 2.65 23.41 26.06 NOTE
r-release-linux-x86_64 0.9.0 2.02 23.45 25.47 NOTE
r-release-macos-arm64 0.9.0 15.00 NOTE
r-release-macos-x86_64 0.9.0 20.00 NOTE
r-release-windows-x86_64 0.9.0 2.00 41.00 43.00 NOTE
r-oldrel-macos-arm64 0.9.0 15.00 NOTE
r-oldrel-macos-x86_64 0.9.0 21.00 NOTE
r-oldrel-windows-x86_64 0.9.0 4.00 41.00 45.00 NOTE

Check Details

Version: 0.9.0
Check: LazyData
Result: NOTE
     'LazyData' is specified without a 'data' directory
Flavors: r-devel-linux-x86_64-debian-clang, r-devel-linux-x86_64-debian-gcc, r-devel-linux-x86_64-fedora-clang, r-devel-linux-x86_64-fedora-gcc, r-devel-windows-x86_64, r-patched-linux-x86_64, r-release-linux-x86_64, r-release-macos-arm64, r-release-macos-x86_64, r-release-windows-x86_64, r-oldrel-macos-arm64, r-oldrel-macos-x86_64, r-oldrel-windows-x86_64