CRAN Package Check Results for Package hashids

Last updated on 2023-02-06 08:52:14 CET.

Flavor Version Tinstall Tcheck Ttotal Status Flags
r-devel-linux-x86_64-debian-clang 0.9.0 2.50 23.71 26.21 NOTE
r-devel-linux-x86_64-debian-gcc 0.9.0 1.69 18.31 20.00 NOTE
r-devel-linux-x86_64-fedora-clang 0.9.0 33.01 NOTE
r-devel-linux-x86_64-fedora-gcc 0.9.0 32.95 NOTE
r-devel-windows-x86_64 0.9.0 12.00 56.00 68.00 NOTE
r-patched-linux-x86_64 0.9.0 2.52 23.82 26.34 NOTE
r-release-linux-x86_64 0.9.0 1.92 24.12 26.04 NOTE
r-release-macos-arm64 0.9.0 14.00 NOTE
r-release-macos-x86_64 0.9.0 21.00 NOTE
r-release-windows-x86_64 0.9.0 11.00 54.00 65.00 NOTE
r-oldrel-macos-arm64 0.9.0 17.00 NOTE
r-oldrel-macos-x86_64 0.9.0 31.00 NOTE
r-oldrel-windows-ix86+x86_64 0.9.0 5.00 50.00 55.00 NOTE

Check Details

Version: 0.9.0
Check: LazyData
Result: NOTE
     'LazyData' is specified without a 'data' directory
Flavors: r-devel-linux-x86_64-debian-clang, r-devel-linux-x86_64-debian-gcc, r-devel-linux-x86_64-fedora-clang, r-devel-linux-x86_64-fedora-gcc, r-devel-windows-x86_64, r-patched-linux-x86_64, r-release-linux-x86_64, r-release-macos-arm64, r-release-macos-x86_64, r-release-windows-x86_64, r-oldrel-macos-arm64, r-oldrel-macos-x86_64, r-oldrel-windows-ix86+x86_64