CRAN Package Check Results for Package hasseDiagram

Last updated on 2021-06-22 15:51:48 CEST.

Flavor Version Tinstall Tcheck Ttotal Status Flags
r-devel-linux-x86_64-debian-clang 0.2.0 4.45 44.61 49.06 OK
r-devel-linux-x86_64-debian-gcc 0.2.0 3.96 35.46 39.42 OK
r-devel-linux-x86_64-fedora-clang 0.2.0 72.52 OK
r-devel-linux-x86_64-fedora-gcc 0.2.0 58.51 OK
r-devel-windows-x86_64 0.2.0 7.00 52.00 59.00 OK
r-devel-windows-x86_64-gcc10-UCRT 0.2.0 ERROR
r-patched-linux-x86_64 0.2.0 5.09 43.78 48.87 OK
r-patched-solaris-x86 0.2.0 90.40 OK
r-release-linux-x86_64 0.2.0 3.79 43.59 47.38 OK
r-release-macos-arm64 0.2.0 OK
r-release-macos-x86_64 0.2.0 OK
r-release-windows-ix86+x86_64 0.2.0 9.00 43.00 52.00 OK
r-oldrel-macos-x86_64 0.2.0 OK
r-oldrel-windows-ix86+x86_64 0.2.0 10.00 53.00 63.00 OK

Check Details

Version: 0.2.0
Check: package dependencies
Result: ERROR
    Package required but not available: 'Rgraphviz'
    
    See section 'The DESCRIPTION file' in the 'Writing R Extensions'
    manual.
Flavor: r-devel-windows-x86_64-gcc10-UCRT