CRAN Package Check Results for Package haven

Last updated on 2018-10-16 14:47:02 CEST.

Flavor Version Tinstall Tcheck Ttotal Status Flags
r-devel-linux-x86_64-debian-clang 1.1.2 46.53 38.43 84.96 NOTE
r-devel-linux-x86_64-debian-gcc 1.1.2 37.60 30.60 68.20 WARN
r-devel-linux-x86_64-fedora-clang 1.1.2 114.95 NOTE
r-devel-linux-x86_64-fedora-gcc 1.1.2 100.63 WARN
r-devel-windows-ix86+x86_64 1.1.2 133.00 117.00 250.00 NOTE
r-patched-linux-x86_64 1.1.2 46.88 33.48 80.36 WARN
r-patched-solaris-x86 1.1.2 102.70 WARN
r-release-linux-x86_64 1.1.2 47.12 33.91 81.03 WARN
r-release-windows-ix86+x86_64 1.1.2 144.00 78.00 222.00 NOTE
r-release-osx-x86_64 1.1.2 NOTE
r-oldrel-windows-ix86+x86_64 1.1.2 149.00 82.00 231.00 NOTE
r-oldrel-osx-x86_64 1.1.2 NOTE

Check Details

Version: 1.1.2
Check: for GNU extensions in Makefiles
Result: NOTE
    GNU make is a SystemRequirements.
Flavors: r-devel-linux-x86_64-debian-clang, r-devel-linux-x86_64-debian-gcc, r-devel-linux-x86_64-fedora-clang, r-devel-linux-x86_64-fedora-gcc, r-devel-windows-ix86+x86_64, r-patched-linux-x86_64, r-patched-solaris-x86, r-release-linux-x86_64, r-release-windows-ix86+x86_64, r-release-osx-x86_64, r-oldrel-windows-ix86+x86_64, r-oldrel-osx-x86_64

Version: 1.1.2
Check: whether package can be installed
Result: WARN
    Found the following significant warnings:
     readstat/readstat_writer.c:82:9: warning: ‘strncpy’ output truncated before terminating nul copying as many bytes from a string as its length [-Wstringop-truncation]
     readstat/readstat_writer.c:261:5: warning: ‘strncpy’ specified bound 256 equals destination size [-Wstringop-truncation]
     readstat/readstat_writer.c:316:9: warning: ‘strncpy’ output truncated before terminating nul copying as many bytes from a string as its length [-Wstringop-truncation]
     readstat/sas/readstat_sas7bcat_write.c:108:5: warning: ‘strncpy’ output may be truncated copying 64 bytes from a string of length 99 [-Wstringop-truncation]
     readstat/sas/readstat_sas.c:284:5: warning: ‘strncpy’ output may be truncated copying 64 bytes from a string of length 99 [-Wstringop-truncation]
     readstat/sas/readstat_sas.c:337:5: warning: ‘strncpy’ output may be truncated copying 8 bytes from a string of length 31 [-Wstringop-truncation]
     readstat/spss/readstat_sav_write.c:150:5: warning: ‘strncpy’ output may be truncated copying 9 bytes from a string of length 9 [-Wstringop-truncation]
     readstat/spss/readstat_sav_write.c:158:5: warning: ‘strncpy’ output may be truncated copying 8 bytes from a string of length 8 [-Wstringop-truncation]
     readstat/spss/readstat_por_write.c:194:5: warning: ‘strncpy’ output truncated before terminating nul copying 20 bytes from a string of the same length [-Wstringop-truncation]
Flavors: r-devel-linux-x86_64-debian-gcc, r-devel-linux-x86_64-fedora-gcc, r-patched-linux-x86_64, r-release-linux-x86_64

Version: 1.1.2
Check: whether package can be installed
Result: WARN
    Found the following significant warnings:
     readstat/readstat_convert.c:16:42: warning: passing argument 2 of ‘libiconv’ from incompatible pointer type [-Wincompatible-pointer-types]
     src/spss/readstat_sav_parse.rl:89:17: warning: passing argument 2 of ‘libiconv’ from incompatible pointer type [-Wincompatible-pointer-types]
     src/spss/readstat_sav_parse.rl:197:17: warning: passing argument 2 of ‘libiconv’ from incompatible pointer type [-Wincompatible-pointer-types]
Flavor: r-patched-solaris-x86