CRAN Package Check Results for Package haven

Last updated on 2019-10-16 04:46:20 CEST.

Flavor Version Tinstall Tcheck Ttotal Status Flags
r-devel-linux-x86_64-debian-clang 2.1.1 52.51 38.66 91.17 NOTE
r-devel-linux-x86_64-debian-gcc 2.1.1 35.64 30.31 65.95 NOTE
r-devel-linux-x86_64-fedora-clang 2.1.1 120.71 NOTE
r-devel-linux-x86_64-fedora-gcc 2.1.1 112.49 NOTE
r-devel-windows-ix86+x86_64 2.1.1 113.00 113.00 226.00 NOTE
r-patched-linux-x86_64 2.1.1 39.51 37.35 76.86 NOTE
r-patched-solaris-x86 2.1.1 117.10 WARN
r-release-linux-x86_64 2.1.1 37.44 37.76 75.20 NOTE
r-release-windows-ix86+x86_64 2.1.1 104.00 113.00 217.00 NOTE
r-release-osx-x86_64 2.1.1 NOTE
r-oldrel-windows-ix86+x86_64 2.1.1 109.00 77.00 186.00 NOTE
r-oldrel-osx-x86_64 2.1.1 NOTE

Check Details

Version: 2.1.1
Check: for GNU extensions in Makefiles
Result: NOTE
    GNU make is a SystemRequirements.
Flavors: r-devel-linux-x86_64-debian-clang, r-devel-linux-x86_64-debian-gcc, r-devel-linux-x86_64-fedora-clang, r-devel-linux-x86_64-fedora-gcc, r-devel-windows-ix86+x86_64, r-patched-linux-x86_64, r-patched-solaris-x86, r-release-linux-x86_64, r-release-windows-ix86+x86_64, r-release-osx-x86_64, r-oldrel-windows-ix86+x86_64, r-oldrel-osx-x86_64

Version: 2.1.1
Check: whether package can be installed
Result: WARN
    Found the following significant warnings:
     readstat/readstat_convert.c:18:42: warning: passing argument 2 of ‘libiconv’ from incompatible pointer type [-Wincompatible-pointer-types]
     src/spss/readstat_sav_parse.rl:89:17: warning: passing argument 2 of ‘libiconv’ from incompatible pointer type [-Wincompatible-pointer-types]
     src/spss/readstat_sav_parse.rl:197:17: warning: passing argument 2 of ‘libiconv’ from incompatible pointer type [-Wincompatible-pointer-types]
Flavor: r-patched-solaris-x86