CRAN Package Check Results for Package haven

Last updated on 2019-01-16 20:50:07 CET.

Flavor Version Tinstall Tcheck Ttotal Status Flags
r-devel-linux-x86_64-debian-clang 2.0.0 42.04 37.36 79.40 NOTE
r-devel-linux-x86_64-debian-gcc 2.0.0 35.92 29.61 65.53 WARN
r-devel-linux-x86_64-fedora-clang 2.0.0 108.96 NOTE
r-devel-linux-x86_64-fedora-gcc 2.0.0 101.83 WARN
r-devel-windows-ix86+x86_64 2.0.0 104.00 81.00 185.00 NOTE
r-patched-linux-x86_64 2.0.0 48.07 34.59 82.66 WARN
r-patched-solaris-x86 2.0.0 106.60 WARN
r-release-linux-x86_64 2.0.0 46.63 33.20 79.83 WARN
r-release-windows-ix86+x86_64 2.0.0 139.00 67.00 206.00 NOTE
r-release-osx-x86_64 2.0.0 NOTE
r-oldrel-windows-ix86+x86_64 2.0.0 144.00 80.00 224.00 NOTE
r-oldrel-osx-x86_64 2.0.0 NOTE

Check Details

Version: 2.0.0
Check: for GNU extensions in Makefiles
Result: NOTE
    GNU make is a SystemRequirements.
Flavors: r-devel-linux-x86_64-debian-clang, r-devel-linux-x86_64-debian-gcc, r-devel-linux-x86_64-fedora-clang, r-devel-linux-x86_64-fedora-gcc, r-devel-windows-ix86+x86_64, r-patched-linux-x86_64, r-patched-solaris-x86, r-release-linux-x86_64, r-release-windows-ix86+x86_64, r-release-osx-x86_64, r-oldrel-windows-ix86+x86_64, r-oldrel-osx-x86_64

Version: 2.0.0
Check: whether package can be installed
Result: WARN
    Found the following significant warnings:
     readstat/readstat_writer.c:82:9: warning: ‘strncpy’ output truncated before terminating nul copying as many bytes from a string as its length [-Wstringop-truncation]
     readstat/readstat_writer.c:261:5: warning: ‘strncpy’ specified bound 256 equals destination size [-Wstringop-truncation]
     readstat/readstat_writer.c:316:9: warning: ‘strncpy’ output truncated before terminating nul copying as many bytes from a string as its length [-Wstringop-truncation]
     readstat/sas/readstat_sas7bcat_write.c:108:5: warning: ‘strncpy’ output may be truncated copying 64 bytes from a string of length 99 [-Wstringop-truncation]
     readstat/sas/readstat_sas.c:284:5: warning: ‘strncpy’ output may be truncated copying 64 bytes from a string of length 99 [-Wstringop-truncation]
     readstat/sas/readstat_sas.c:337:5: warning: ‘strncpy’ output may be truncated copying 8 bytes from a string of length 31 [-Wstringop-truncation]
     readstat/spss/readstat_sav_write.c:150:5: warning: ‘strncpy’ output may be truncated copying 9 bytes from a string of length 9 [-Wstringop-truncation]
     readstat/spss/readstat_sav_write.c:158:5: warning: ‘strncpy’ output may be truncated copying 8 bytes from a string of length 8 [-Wstringop-truncation]
     readstat/spss/readstat_por_write.c:194:5: warning: ‘strncpy’ output truncated before terminating nul copying 20 bytes from a string of the same length [-Wstringop-truncation]
Flavors: r-devel-linux-x86_64-debian-gcc, r-devel-linux-x86_64-fedora-gcc, r-patched-linux-x86_64, r-release-linux-x86_64

Version: 2.0.0
Check: whether package can be installed
Result: WARN
    Found the following significant warnings:
     readstat/readstat_convert.c:16:42: warning: passing argument 2 of ‘libiconv’ from incompatible pointer type [-Wincompatible-pointer-types]
     src/spss/readstat_sav_parse.rl:89:17: warning: passing argument 2 of ‘libiconv’ from incompatible pointer type [-Wincompatible-pointer-types]
     src/spss/readstat_sav_parse.rl:197:17: warning: passing argument 2 of ‘libiconv’ from incompatible pointer type [-Wincompatible-pointer-types]
Flavor: r-patched-solaris-x86