CRAN Package Check Results for Package haven

Last updated on 2018-06-23 15:53:27 CEST.

Flavor Version Tinstall Tcheck Ttotal Status Flags
r-devel-linux-x86_64-debian-clang 1.1.1 41.89 36.57 78.46 NOTE
r-devel-linux-x86_64-debian-gcc 1.1.1 34.09 28.71 62.80 NOTE
r-devel-linux-x86_64-fedora-clang 1.1.1 100.86 NOTE
r-devel-linux-x86_64-fedora-gcc 1.1.1 90.91 NOTE
r-devel-windows-ix86+x86_64 1.1.1 91.00 75.00 166.00 NOTE
r-patched-linux-x86_64 1.1.1 40.32 33.30 73.62 NOTE
r-patched-solaris-x86 1.1.1 99.20 WARN
r-release-linux-x86_64 1.1.1 40.28 33.07 73.35 NOTE
r-release-windows-ix86+x86_64 1.1.1 130.00 84.00 214.00 NOTE
r-release-osx-x86_64 1.1.1 NOTE
r-oldrel-windows-ix86+x86_64 1.1.1 127.00 71.00 198.00 NOTE
r-oldrel-osx-x86_64 1.1.1 NOTE

Additional issues

gcc8 rchk

Check Details

Version: 1.1.1
Check: for GNU extensions in Makefiles
Result: NOTE
    GNU make is a SystemRequirements.
Flavors: r-devel-linux-x86_64-debian-clang, r-devel-linux-x86_64-debian-gcc, r-devel-linux-x86_64-fedora-clang, r-devel-linux-x86_64-fedora-gcc, r-devel-windows-ix86+x86_64, r-patched-linux-x86_64, r-patched-solaris-x86, r-release-linux-x86_64, r-release-windows-ix86+x86_64, r-release-osx-x86_64, r-oldrel-windows-ix86+x86_64, r-oldrel-osx-x86_64

Version: 1.1.1
Check: dependencies in R code
Result: NOTE
    Namespace in Imports field not imported from: ‘hms’
     All declared Imports should be used.
Flavors: r-devel-linux-x86_64-fedora-clang, r-devel-linux-x86_64-fedora-gcc, r-patched-solaris-x86, r-release-osx-x86_64, r-oldrel-osx-x86_64

Version: 1.1.1
Check: whether package can be installed
Result: WARN
    Found the following significant warnings:
     readstat/readstat_convert.c:16:42: warning: passing argument 2 of ‘libiconv’ from incompatible pointer type [-Wincompatible-pointer-types]
     src/spss/readstat_sav_parse.rl:89:17: warning: passing argument 2 of ‘libiconv’ from incompatible pointer type [-Wincompatible-pointer-types]
     src/spss/readstat_sav_parse.rl:195:17: warning: passing argument 2 of ‘libiconv’ from incompatible pointer type [-Wincompatible-pointer-types]
Flavor: r-patched-solaris-x86