CRAN Package Check Results for Package hazer

Last updated on 2023-09-25 18:04:00 CEST.

Flavor Version Tinstall Tcheck Ttotal Status Flags
r-devel-linux-x86_64-debian-clang 1.1.1 1.53 47.22 48.75 NOTE
r-devel-linux-x86_64-debian-gcc 1.1.1 1.58 34.89 36.47 NOTE
r-devel-linux-x86_64-fedora-clang 1.1.1 61.08 NOTE
r-devel-linux-x86_64-fedora-gcc 1.1.1 70.35 NOTE
r-devel-windows-x86_64 1.1.1 3.00 57.00 60.00 NOTE
r-patched-linux-x86_64 1.1.1 1.73 45.49 47.22 NOTE
r-release-linux-x86_64 1.1.1 1.97 45.56 47.53 NOTE
r-release-macos-arm64 1.1.1 29.00 NOTE
r-release-macos-x86_64 1.1.1 45.00 NOTE
r-release-windows-x86_64 1.1.1 5.00 61.00 66.00 NOTE
r-oldrel-macos-arm64 1.1.1 23.00 NOTE
r-oldrel-macos-x86_64 1.1.1 29.00 NOTE
r-oldrel-windows-x86_64 1.1.1 4.00 63.00 67.00 NOTE

Check Details

Version: 1.1.1
Check: LazyData
Result: NOTE
     'LazyData' is specified without a 'data' directory
Flavors: r-devel-linux-x86_64-debian-clang, r-devel-linux-x86_64-debian-gcc, r-devel-linux-x86_64-fedora-clang, r-devel-linux-x86_64-fedora-gcc, r-devel-windows-x86_64, r-patched-linux-x86_64, r-release-linux-x86_64, r-release-macos-arm64, r-release-macos-x86_64, r-release-windows-x86_64, r-oldrel-macos-arm64, r-oldrel-macos-x86_64, r-oldrel-windows-x86_64