CRAN Package Check Results for Package hazer

Last updated on 2020-04-08 01:48:58 CEST.

Flavor Version Tinstall Tcheck Ttotal Status Flags
r-devel-linux-x86_64-debian-clang 1.1.1 1.94 43.59 45.53 OK
r-devel-linux-x86_64-debian-gcc 1.1.1 1.40 32.11 33.51 OK
r-devel-linux-x86_64-fedora-clang 1.1.1 55.28 OK
r-devel-linux-x86_64-fedora-gcc 1.1.1 59.54 OK
r-devel-windows-ix86+x86_64 1.1.1 5.00 79.00 84.00 OK
r-devel-windows-ix86+x86_64-gcc8 1.1.1 5.00 57.00 62.00 ERROR
r-patched-linux-x86_64 1.1.1 1.88 41.73 43.61 OK
r-patched-solaris-x86 1.1.1 88.80 OK
r-release-linux-x86_64 1.1.1 1.37 36.84 38.21 OK
r-release-windows-ix86+x86_64 1.1.1 4.00 67.00 71.00 OK
r-release-osx-x86_64 1.1.1 OK
r-oldrel-windows-ix86+x86_64 1.1.1 4.00 49.00 53.00 OK
r-oldrel-osx-x86_64 1.1.1 OK

Check Details

Version: 1.1.1
Check: tests
Result: ERROR
     Running 'testthat.R' [10s]
    Running the tests in 'tests/testthat.R' failed.
    Complete output:
     > library(testthat)
     > library(hazer)
     >
     > test_check("hazer")
     -- 1. Failure: test the haze (@testall.R#22) ----------------------------------
     floor(h$haze * 1000) not equal to ifelse(tolower(Sys.info()[[1]]) != "linux", 225, 224).
     1/1 mismatches
     [1] 224 - 225 == -1
    
     -- 2. Failure: test the haze (@testall.R#23) ----------------------------------
     floor(h$A0 * 1000) not equal to ifelse(tolower(Sys.info()[[1]]) != "linux", 710, 712).
     1/1 mismatches
     [1] 712 - 710 == 2
    
     == testthat results ===========================================================
     [ OK: 4 | SKIPPED: 0 | WARNINGS: 0 | FAILED: 2 ]
     1. Failure: test the haze (@testall.R#22)
     2. Failure: test the haze (@testall.R#23)
    
     Error: testthat unit tests failed
     Execution halted
Flavor: r-devel-windows-ix86+x86_64-gcc8