CRAN Package Check Results for Package hazus

Last updated on 2020-04-09 00:50:28 CEST.

Flavor Version Tinstall Tcheck Ttotal Status Flags
r-devel-linux-x86_64-debian-clang 0.1 2.66 32.96 35.62 NOTE
r-devel-linux-x86_64-debian-gcc 0.1 2.33 26.55 28.88 NOTE
r-devel-linux-x86_64-fedora-clang 0.1 43.42 NOTE
r-devel-linux-x86_64-fedora-gcc 0.1 48.32 NOTE
r-devel-windows-ix86+x86_64 0.1 6.00 74.00 80.00 NOTE
r-devel-windows-ix86+x86_64-gcc8 0.1 8.00 52.00 60.00 NOTE
r-patched-linux-x86_64 0.1 2.74 32.07 34.81 NOTE
r-patched-solaris-x86 0.1 72.20 NOTE
r-release-linux-x86_64 0.1 2.43 30.84 33.27 NOTE
r-release-windows-ix86+x86_64 0.1 6.00 67.00 73.00 NOTE
r-release-osx-x86_64 0.1 NOTE
r-oldrel-windows-ix86+x86_64 0.1 5.00 49.00 54.00 NOTE
r-oldrel-osx-x86_64 0.1 NOTE

Check Details

Version: 0.1
Check: R code for possible problems
Result: NOTE
    extract_hazus_functions: no visible global function definition for
     'data'
    Undefined global functions or variables:
     data
    Consider adding
     importFrom("utils", "data")
    to your NAMESPACE file.
Flavors: r-devel-linux-x86_64-debian-clang, r-devel-linux-x86_64-debian-gcc, r-devel-linux-x86_64-fedora-clang, r-devel-linux-x86_64-fedora-gcc, r-devel-windows-ix86+x86_64, r-devel-windows-ix86+x86_64-gcc8, r-patched-linux-x86_64, r-patched-solaris-x86, r-release-linux-x86_64, r-release-windows-ix86+x86_64, r-release-osx-x86_64, r-oldrel-windows-ix86+x86_64, r-oldrel-osx-x86_64