Last updated on 2023-09-27 10:00:41 CEST.
Flavor | Version | Tinstall | Tcheck | Ttotal | Status | Flags |
---|---|---|---|---|---|---|
r-devel-linux-x86_64-debian-clang | 1.2.8 | 47.84 | 118.06 | 165.90 | NOTE | |
r-devel-linux-x86_64-debian-gcc | 1.2.8 | 32.76 | 87.81 | 120.57 | NOTE | |
r-devel-linux-x86_64-fedora-clang | 1.2.8 | 209.57 | NOTE | |||
r-devel-linux-x86_64-fedora-gcc | 1.2.8 | 211.79 | NOTE | |||
r-devel-windows-x86_64 | 1.2.8 | 37.00 | 117.00 | 154.00 | NOTE | |
r-patched-linux-x86_64 | 1.2.8 | 38.85 | 113.42 | 152.27 | NOTE | |
r-release-linux-x86_64 | 1.2.8 | 32.65 | 112.00 | 144.65 | NOTE | |
r-release-macos-arm64 | 1.2.8 | 63.00 | NOTE | |||
r-release-macos-x86_64 | 1.2.8 | 94.00 | NOTE | |||
r-release-windows-x86_64 | 1.2.8 | 48.00 | 139.00 | 187.00 | NOTE | |
r-oldrel-macos-arm64 | 1.2.8 | 50.00 | NOTE | |||
r-oldrel-macos-x86_64 | 1.2.8 | 79.00 | NOTE | |||
r-oldrel-windows-x86_64 | 1.2.8 | 45.00 | 132.00 | 177.00 | OK |
Version: 1.2.8
Check: C++ specification
Result: NOTE
Specified C++11: please drop specification unless essential
Flavors: r-devel-linux-x86_64-debian-clang, r-devel-linux-x86_64-debian-gcc, r-devel-linux-x86_64-fedora-clang, r-devel-linux-x86_64-fedora-gcc, r-devel-windows-x86_64, r-patched-linux-x86_64, r-release-linux-x86_64, r-release-macos-arm64, r-release-macos-x86_64, r-release-windows-x86_64
Version: 1.2.8
Check: installed package size
Result: NOTE
installed size is 8.1Mb
sub-directories of 1Mb or more:
libs 7.8Mb
Flavors: r-release-macos-arm64, r-release-macos-x86_64, r-oldrel-macos-arm64, r-oldrel-macos-x86_64