CRAN Package Check Results for Package hbbr

Last updated on 2021-06-25 02:51:57 CEST.

Flavor Version Tinstall Tcheck Ttotal Status Flags
r-devel-linux-x86_64-debian-clang 1.1.2 2.79 160.56 163.35 OK
r-devel-linux-x86_64-debian-gcc 1.1.2 2.10 131.97 134.07 OK
r-devel-linux-x86_64-fedora-clang 1.1.2 211.51 OK
r-devel-linux-x86_64-fedora-gcc 1.1.2 205.47 OK
r-devel-windows-x86_64 1.1.2 5.00 162.00 167.00 OK
r-devel-windows-x86_64-gcc10-UCRT 1.1.2 OK
r-patched-linux-x86_64 1.1.2 2.83 169.18 172.01 OK
r-patched-solaris-x86 1.1.2 626.10 OK
r-release-linux-x86_64 1.1.2 2.06 167.53 169.59 OK
r-release-macos-arm64 1.1.2 ERROR
r-release-macos-x86_64 1.1.2 OK
r-release-windows-ix86+x86_64 1.1.2 6.00 161.00 167.00 OK
r-oldrel-macos-x86_64 1.1.2 OK
r-oldrel-windows-ix86+x86_64 1.1.2 6.00 174.00 180.00 OK

Check Details

Version: 1.1.2
Check: package dependencies
Result: ERROR
    Package required but not available: ‘R2jags’
    
    See section ‘The DESCRIPTION file’ in the ‘Writing R Extensions’
    manual.
Flavor: r-release-macos-arm64