CRAN Package Check Results for Package hbmem

Last updated on 2022-08-15 02:53:44 CEST.

Flavor Version Tinstall Tcheck Ttotal Status Flags
r-devel-linux-x86_64-debian-clang 0.3-3 12.83 71.77 84.60 NOTE
r-devel-linux-x86_64-debian-gcc 0.3-3 10.70 53.86 64.56 NOTE
r-devel-linux-x86_64-fedora-clang 0.3-3 108.96 NOTE
r-devel-linux-x86_64-fedora-gcc 0.3-3 107.93 NOTE
r-devel-windows-x86_64 0.3-3 34.00 94.00 128.00 NOTE
r-patched-linux-x86_64 0.3-3 14.45 68.59 83.04 OK
r-release-linux-x86_64 0.3-3 11.32 69.89 81.21 OK
r-release-macos-arm64 0.3-3 37.00 OK
r-release-macos-x86_64 0.3-3 40.00 OK
r-release-windows-x86_64 0.3-3 25.00 90.00 115.00 OK
r-oldrel-macos-arm64 0.3-3 37.00 OK
r-oldrel-macos-x86_64 0.3-3 74.00 OK
r-oldrel-windows-ix86+x86_64 0.3-3 27.00 82.00 109.00 OK

Check Details

Version: 0.3-3
Check: Rd files
Result: NOTE
    checkRd: (-1) prm09.Rd:5: Escaped LaTeX specials: \&
    checkRd: (-1) prm09.Rd:26: Escaped LaTeX specials: \&
Flavors: r-devel-linux-x86_64-debian-clang, r-devel-linux-x86_64-debian-gcc, r-devel-linux-x86_64-fedora-clang, r-devel-linux-x86_64-fedora-gcc, r-devel-windows-x86_64