CRAN Package Check Results for Package hcp

Last updated on 2020-09-24 23:47:52 CEST.

Flavor Version Tinstall Tcheck Ttotal Status Flags
r-devel-linux-x86_64-debian-clang 0.1 6.50 36.51 43.01 NOTE
r-devel-linux-x86_64-debian-gcc 0.1 4.39 28.59 32.98 NOTE
r-devel-linux-x86_64-fedora-clang 0.1 56.54 NOTE
r-devel-linux-x86_64-fedora-gcc 0.1 49.16 NOTE
r-devel-windows-ix86+x86_64 0.1 9.00 42.00 51.00 NOTE
r-patched-linux-x86_64 0.1 5.46 34.56 40.02 NOTE
r-patched-solaris-x86 0.1 62.70 NOTE
r-release-linux-x86_64 0.1 5.13 34.23 39.36 NOTE
r-release-macos-x86_64 0.1 NOTE
r-release-windows-ix86+x86_64 0.1 8.00 40.00 48.00 NOTE
r-oldrel-macos-x86_64 0.1 NOTE
r-oldrel-windows-ix86+x86_64 0.1 7.00 58.00 65.00 NOTE

Check Details

Version: 0.1
Check: R code for possible problems
Result: NOTE
    CalcCrit: no visible global function definition for 'tail'
    CalcCrit: no visible global function definition for 'anova'
    SimulInt: no visible global function definition for 'qf'
    con.search: no visible global function definition for 'persp'
    con.search: no visible global function definition for 'title'
    con.search.C: no visible global function definition for 'persp'
    con.search.C: no visible global function definition for 'title'
    con.search.D: no visible global function definition for 'persp'
    con.search.D: no visible global function definition for 'title'
    con2.search: no visible global function definition for 'persp'
    con2.search: no visible global function definition for 'title'
    con2.search.C: no visible global function definition for 'persp'
    con2.search.C: no visible global function definition for 'title'
    con2.search.D: no visible global function definition for 'persp'
    con2.search.D: no visible global function definition for 'title'
    llsearch: no visible global function definition for 'persp'
    llsearch: no visible global function definition for 'title'
    llsearch.C: no visible global function definition for 'persp'
    llsearch.C: no visible global function definition for 'title'
    llsearch.D: no visible global function definition for 'persp'
    llsearch.D: no visible global function definition for 'title'
    p.est: no visible global function definition for 'lm'
    p.est.C: no visible global function definition for 'lm'
    p.est.D: no visible global function definition for 'lm'
    p2.est: no visible global function definition for 'lm'
    p2.est.C: no visible global function definition for 'lm'
    p2.est.D: no visible global function definition for 'lm'
    rss: no visible global function definition for 'lm'
    rss.C: no visible global function definition for 'lm'
    rss.D: no visible global function definition for 'lm'
    Undefined global functions or variables:
     anova lm persp qf tail title
    Consider adding
     importFrom("graphics", "persp", "title")
     importFrom("stats", "anova", "lm", "qf")
     importFrom("utils", "tail")
    to your NAMESPACE file.
Flavors: r-devel-linux-x86_64-debian-clang, r-devel-linux-x86_64-debian-gcc, r-devel-linux-x86_64-fedora-clang, r-devel-linux-x86_64-fedora-gcc, r-devel-windows-ix86+x86_64, r-patched-linux-x86_64, r-patched-solaris-x86, r-release-linux-x86_64, r-release-macos-x86_64, r-release-windows-ix86+x86_64, r-oldrel-macos-x86_64, r-oldrel-windows-ix86+x86_64