CRAN Package Check Results for Package hdd

Last updated on 2020-04-10 08:52:31 CEST.

Flavor Version Tinstall Tcheck Ttotal Status Flags
r-devel-linux-x86_64-debian-clang 0.1.0 7.07 56.28 63.35 OK
r-devel-linux-x86_64-debian-gcc 0.1.0 6.07 47.39 53.46 OK
r-devel-linux-x86_64-fedora-clang 0.1.0 75.29 OK
r-devel-linux-x86_64-fedora-gcc 0.1.0 78.68 OK
r-devel-windows-ix86+x86_64 0.1.0 17.00 129.00 146.00 OK
r-devel-windows-ix86+x86_64-gcc8 0.1.0 14.00 65.00 79.00 OK
r-patched-linux-x86_64 0.1.0 6.74 52.52 59.26 OK
r-patched-osx-x86_64 0.1.0 WARN
r-patched-solaris-x86 0.1.0 98.40 OK
r-release-linux-x86_64 0.1.0 5.84 48.01 53.85 OK
r-release-windows-ix86+x86_64 0.1.0 12.00 77.00 89.00 OK
r-release-osx-x86_64 0.1.0 OK
r-oldrel-windows-ix86+x86_64 0.1.0 14.00 96.00 110.00 OK
r-oldrel-osx-x86_64 0.1.0 OK

Check Details

Version: 0.1.0
Check: re-building of vignette outputs
Result: WARN
    Error(s) in re-building vignettes:
     ...
    --- re-building ‘hdd_walkthrough.Rmd’ using rmarkdown
    dyld: lazy symbol binding failed: Symbol not found: ____chkstk_darwin
     Referenced from: /usr/local/bin/pandoc (which was built for Mac OS X 10.15)
     Expected in: /usr/lib/libSystem.B.dylib
    
    dyld: Symbol not found: ____chkstk_darwin
     Referenced from: /usr/local/bin/pandoc (which was built for Mac OS X 10.15)
     Expected in: /usr/lib/libSystem.B.dylib
    
    Error: processing vignette 'hdd_walkthrough.Rmd' failed with diagnostics:
    pandoc document conversion failed with error 6
    --- failed re-building ‘hdd_walkthrough.Rmd’
    
    SUMMARY: processing the following file failed:
     ‘hdd_walkthrough.Rmd’
    
    Error: Vignette re-building failed.
    Execution halted
Flavor: r-patched-osx-x86_64