CRAN Package Check Results for Package hddplot

Last updated on 2019-06-27 14:47:11 CEST.

Flavor Version Tinstall Tcheck Ttotal Status Flags
r-devel-linux-x86_64-debian-clang 0.59 9.64 101.17 110.81 OK
r-devel-linux-x86_64-debian-gcc 0.59 7.98 78.83 86.81 OK
r-devel-linux-x86_64-fedora-clang 0.59 134.62 OK
r-devel-linux-x86_64-fedora-gcc 0.59 131.24 OK
r-devel-windows-ix86+x86_64 0.59 24.00 110.00 134.00 OK
r-patched-linux-x86_64 0.59 10.29 100.76 111.05 OK
r-patched-solaris-x86 0.59 203.10 OK
r-release-linux-x86_64 0.59 9.16 100.96 110.12 OK
r-release-windows-ix86+x86_64 0.59 19.00 141.00 160.00 OK
r-release-osx-x86_64 0.59 ERROR
r-oldrel-windows-ix86+x86_64 0.59 10.00 100.00 110.00 OK
r-oldrel-osx-x86_64 0.59 OK

Check Details

Version: 0.59
Check: package dependencies
Result: ERROR
    Package required but not available: ‘multtest’
    
    See section ‘The DESCRIPTION file’ in the ‘Writing R Extensions’
    manual.
Flavor: r-release-osx-x86_64