CRAN Package Check Results for Package hddplot

Last updated on 2019-08-17 19:48:28 CEST.

Flavor Version Tinstall Tcheck Ttotal Status Flags
r-devel-linux-x86_64-debian-clang 0.59 9.10 100.85 109.95 OK
r-devel-linux-x86_64-debian-gcc 0.59 9.40 79.18 88.58 OK
r-devel-linux-x86_64-fedora-clang 0.59 130.69 OK
r-devel-linux-x86_64-fedora-gcc 0.59 133.09 OK
r-devel-windows-ix86+x86_64 0.59 28.00 146.00 174.00 OK
r-patched-linux-x86_64 0.59 9.57 100.91 110.48 OK
r-patched-solaris-x86 0.59 201.50 OK
r-release-linux-x86_64 0.59 9.15 98.75 107.90 OK
r-release-windows-ix86+x86_64 0.59 24.00 147.00 171.00 OK
r-release-osx-x86_64 0.59 ERROR
r-oldrel-windows-ix86+x86_64 0.59 15.00 136.00 151.00 OK
r-oldrel-osx-x86_64 0.59 OK

Check Details

Version: 0.59
Check: package dependencies
Result: ERROR
    Package required but not available: ‘multtest’
    
    See section ‘The DESCRIPTION file’ in the ‘Writing R Extensions’
    manual.
Flavor: r-release-osx-x86_64