CRAN Package Check Results for Package hdiVAR

Last updated on 2021-05-15 15:48:11 CEST.

Flavor Version Tinstall Tcheck Ttotal Status Flags
r-devel-linux-x86_64-debian-clang 1.0.1 2.81 28.64 31.45 NOTE
r-devel-linux-x86_64-debian-gcc 1.0.1 1.89 22.43 24.32 NOTE
r-devel-linux-x86_64-fedora-clang 1.0.1 52.10 NOTE
r-devel-linux-x86_64-fedora-gcc 1.0.1 38.71 NOTE
r-devel-windows-ix86+x86_64 1.0.1 5.00 42.00 47.00 NOTE
r-devel-windows-x86_64-gcc10-UCRT 1.0.1 NOTE
r-patched-linux-x86_64 1.0.1 2.70 27.92 30.62 NOTE
r-patched-solaris-x86 1.0.1 56.30 NOTE
r-release-linux-x86_64 1.0.1 1.97 27.69 29.66 OK
r-release-macos-x86_64 1.0.1 OK
r-release-windows-ix86+x86_64 1.0.1 6.00 44.00 50.00 OK
r-oldrel-macos-x86_64 1.0.1 OK
r-oldrel-windows-ix86+x86_64 1.0.1 4.00 49.00 53.00 OK

Check Details

Version: 1.0.1
Check: LazyData
Result: NOTE
     'LazyData' is specified without a 'data' directory
Flavors: r-devel-linux-x86_64-debian-clang, r-devel-linux-x86_64-debian-gcc, r-devel-linux-x86_64-fedora-clang, r-devel-linux-x86_64-fedora-gcc, r-devel-windows-ix86+x86_64, r-devel-windows-x86_64-gcc10-UCRT, r-patched-linux-x86_64, r-patched-solaris-x86